{"id":10404,"date":"2016-12-03T12:39:52","date_gmt":"2016-12-03T10:39:52","guid":{"rendered":"http:\/\/istrazivacibiblijeuhrvatskoj.com\/blog\/?page_id=10404"},"modified":"2020-06-06T13:46:20","modified_gmt":"2020-06-06T11:46:20","slug":"kruzno-pismo","status":"publish","type":"page","link":"https:\/\/istrazivacibiblijeuhrvatskoj.com\/blog\/kruzno-pismo\/","title":{"rendered":"Kru\u017eno Pismo"},"content":{"rendered":"<p><a href=\"http:\/\/istrazivacibiblijeuhrvatskoj.com\/newsletter\/VK202103.pdf\" target=\"_blank\" rel=\"noopener noreferrer\"><img loading=\"lazy\" decoding=\"async\" class=\"alignright wp-image-14513\" src=\"https:\/\/istrazivacibiblijeuhrvatskoj.com\/blog\/wp-content\/uploads\/2020\/05\/MountainSpringThumb-300x171.jpg\" alt=\"\" width=\"400\" height=\"228\" srcset=\"https:\/\/istrazivacibiblijeuhrvatskoj.com\/blog\/wp-content\/uploads\/2020\/05\/MountainSpringThumb-300x171.jpg 300w, https:\/\/istrazivacibiblijeuhrvatskoj.com\/blog\/wp-content\/uploads\/2020\/05\/MountainSpringThumb-768x438.jpg 768w, https:\/\/istrazivacibiblijeuhrvatskoj.com\/blog\/wp-content\/uploads\/2020\/05\/MountainSpringThumb.jpg 923w\" sizes=\"auto, (max-width: 400px) 100vw, 400px\" \/><\/a><span style=\"font-family: 'Times New Roman', sans-serif;\"><span style=\"font-size: medium;\"><strong>\u201eKRAJ SVIJETA\u201d KAKVOG POZNAJEMO<br \/>\n<\/strong><\/span><\/span><span style=\"font-family: 'Times New Roman', sans-serif;\"><span style=\"font-size: medium;\"> U ovo vrijeme velikog proro\u010danskog o\u010dekivanja, Kr\u0161\u0107ani \u010desto koriste izraz <em>kraj svijeta<\/em>, a koji je bio povezan sa potpunim uni\u0161tenjem planeta. Me\u0111utim, taj sumorni izgled rezultat je Biblijskog prijevoda koji daje pogre\u0161an utisak a koji bi trebao to\u010dnije glasiti <em>dovr\u0161enje vijeka<\/em> a ne <em>kraj svijeta<\/em>. (Vidi Matej 24:3, <em>\u0110akovi\u0107: dovr\u0161enje vijeka<\/em>)<\/span><\/span><\/p>\n<h5 style=\"text-align: center;\"><strong>KLIKNITE NA GORNJU SLIKU I SKINITE U PDFU.<\/strong><\/h5>\n","protected":false},"excerpt":{"rendered":"<p>\u201eKRAJ SVIJETA\u201d KAKVOG POZNAJEMO U ovo vrijeme velikog proro\u010danskog o\u010dekivanja, Kr\u0161\u0107ani \u010desto koriste izraz kraj svijeta, a koji je bio povezan sa potpunim uni\u0161tenjem planeta. Me\u0111utim, taj sumorni izgled rezultat je Biblijskog prijevoda koji daje pogre\u0161an utisak a koji bi &hellip; <a href=\"https:\/\/istrazivacibiblijeuhrvatskoj.com\/blog\/kruzno-pismo\/\">Continue reading <span class=\"meta-nav\">&rarr;<\/span><\/a><\/p>\n","protected":false},"author":1,"featured_media":0,"parent":0,"menu_order":40,"comment_status":"closed","ping_status":"closed","template":"","meta":{"footnotes":""},"class_list":["post-10404","page","type-page","status-publish","hentry"],"_links":{"self":[{"href":"https:\/\/istrazivacibiblijeuhrvatskoj.com\/blog\/wp-json\/wp\/v2\/pages\/10404","targetHints":{"allow":["GET"]}}],"collection":[{"href":"https:\/\/istrazivacibiblijeuhrvatskoj.com\/blog\/wp-json\/wp\/v2\/pages"}],"about":[{"href":"https:\/\/istrazivacibiblijeuhrvatskoj.com\/blog\/wp-json\/wp\/v2\/types\/page"}],"author":[{"embeddable":true,"href":"https:\/\/istrazivacibiblijeuhrvatskoj.com\/blog\/wp-json\/wp\/v2\/users\/1"}],"replies":[{"embeddable":true,"href":"https:\/\/istrazivacibiblijeuhrvatskoj.com\/blog\/wp-json\/wp\/v2\/comments?post=10404"}],"version-history":[{"count":56,"href":"https:\/\/istrazivacibiblijeuhrvatskoj.com\/blog\/wp-json\/wp\/v2\/pages\/10404\/revisions"}],"predecessor-version":[{"id":14588,"href":"https:\/\/istrazivacibiblijeuhrvatskoj.com\/blog\/wp-json\/wp\/v2\/pages\/10404\/revisions\/14588"}],"wp:attachment":[{"href":"https:\/\/istrazivacibiblijeuhrvatskoj.com\/blog\/wp-json\/wp\/v2\/media?parent=10404"}],"curies":[{"name":"wp","href":"https:\/\/api.w.org\/{rel}","templated":true}]}}