{"id":14578,"date":"2020-06-06T13:39:51","date_gmt":"2020-06-06T11:39:51","guid":{"rendered":"http:\/\/istrazivacibiblijeuhrvatskoj.com\/blog\/?page_id=14578"},"modified":"2020-06-06T13:47:37","modified_gmt":"2020-06-06T11:47:37","slug":"2017-2","status":"publish","type":"page","link":"https:\/\/istrazivacibiblijeuhrvatskoj.com\/blog\/kruzno-pismo\/2017-2\/","title":{"rendered":"2017"},"content":{"rendered":"<h3><strong>ZA PRVO TROMJESE\u010cJE 2017<\/strong><\/h3>\n<p><a href=\"http:\/\/istrazivacibiblijeuhrvatskoj.com\/newsletter\/VK201701.pdf\" target=\"_blank\" rel=\"noopener noreferrer\"><img loading=\"lazy\" decoding=\"async\" class=\"alignleft size-full wp-image-10402\" src=\"https:\/\/istrazivacibiblijeuhrvatskoj.com\/blog\/wp-content\/uploads\/2013\/08\/WhyEvilET.png\" alt=\"whyevilet\" width=\"200\" height=\"200\" srcset=\"https:\/\/istrazivacibiblijeuhrvatskoj.com\/blog\/wp-content\/uploads\/2013\/08\/WhyEvilET.png 200w, https:\/\/istrazivacibiblijeuhrvatskoj.com\/blog\/wp-content\/uploads\/2013\/08\/WhyEvilET-150x150.png 150w\" sizes=\"auto, (max-width: 200px) 100vw, 200px\" \/><\/a><br \/>\n<b>Za\u0161to Bog Dopu\u0161ta Zlo?<\/b> <span style=\"font-family: 'Times New Roman', sans-serif;\"><span style=\"font-size: medium;\">U 1.Moj. 1:31 \u010ditamo: \u201eBog je zatim pogledao sve \u0161to je na\u010dinio, i gle, bilo je vrlo dobro.\u201c Me\u0111utim danas sve zacijelo nije \u201evrlo dobro.\u201c Zbog \u010dega se situacija promijenila? Za\u0161to je Bog dopustio da zlo zapo\u010dne u svijetu i da se razvije do mjere kakva je danas? I za\u0161to ne zaustavi sve ovo ludilo?<\/span><\/span><\/p>\n<p>&nbsp;<\/p>\n<h3 style=\"text-align: right;\"><strong>LJETO 2017<\/strong><\/h3>\n<p><a href=\"http:\/\/istrazivacibiblijeuhrvatskoj.com\/newsletter\/VK201702.pdf\" target=\"_blank\" rel=\"noopener noreferrer\"><img loading=\"lazy\" decoding=\"async\" class=\"alignright size-full wp-image-10609\" src=\"https:\/\/istrazivacibiblijeuhrvatskoj.com\/blog\/wp-content\/uploads\/2016\/12\/SudnjiDan2.png\" alt=\"\" width=\"310\" height=\"222\" srcset=\"https:\/\/istrazivacibiblijeuhrvatskoj.com\/blog\/wp-content\/uploads\/2016\/12\/SudnjiDan2.png 310w, https:\/\/istrazivacibiblijeuhrvatskoj.com\/blog\/wp-content\/uploads\/2016\/12\/SudnjiDan2-300x215.png 300w\" sizes=\"auto, (max-width: 310px) 100vw, 310px\" \/><\/a><br \/>\n<b>JEHOVIN DAN:<\/b> <span style=\"font-family: 'Times New Roman', sans-serif;\"><span style=\"font-size: medium;\">Jedan od najve\u0107ih i zasljepljuju\u0107ih utjecaja koje je Sotona osmislio da dr\u017ei ljude u neznanju o istini \u0161to se ti\u010de Bo\u017ejeg plana punog ljubavi bile su zablude u vezi <i>Dana Suda<\/i> ili <i>Dana Jehovinog<\/i>.<\/span><\/span><\/p>\n<h3><\/h3>\n<p>&nbsp;<\/p>\n<h3 style=\"text-align: left;\"><strong>JESEN 2017<\/strong><\/h3>\n<p><a href=\"http:\/\/istrazivacibiblijeuhrvatskoj.com\/newsletter\/VK201703.pdf\" target=\"_blank\" rel=\"noopener noreferrer\"><img loading=\"lazy\" decoding=\"async\" class=\"alignleft size-medium wp-image-10725\" src=\"https:\/\/istrazivacibiblijeuhrvatskoj.com\/blog\/wp-content\/uploads\/2016\/12\/EarthAtom-300x300.png\" alt=\"\" width=\"300\" height=\"300\" srcset=\"https:\/\/istrazivacibiblijeuhrvatskoj.com\/blog\/wp-content\/uploads\/2016\/12\/EarthAtom-300x300.png 300w, https:\/\/istrazivacibiblijeuhrvatskoj.com\/blog\/wp-content\/uploads\/2016\/12\/EarthAtom-150x150.png 150w, https:\/\/istrazivacibiblijeuhrvatskoj.com\/blog\/wp-content\/uploads\/2016\/12\/EarthAtom-768x768.png 768w, https:\/\/istrazivacibiblijeuhrvatskoj.com\/blog\/wp-content\/uploads\/2016\/12\/EarthAtom-1024x1024.png 1024w, https:\/\/istrazivacibiblijeuhrvatskoj.com\/blog\/wp-content\/uploads\/2016\/12\/EarthAtom.png 1087w\" sizes=\"auto, (max-width: 300px) 100vw, 300px\" \/><\/a><br \/>\n<b>Znakovi Da \u017divimo Na Kraju Doba<\/b> <span style=\"font-family: 'Times New Roman', sans-serif;\"><span style=\"font-size: medium;\">Kada su Isusovi u\u010denici postavili pitanje, <i>\u201e\u0160to \u0107e biti znak tvoje prisutnosti i svr\u0161etka ovog doba?\u201c<\/i> on je nastavio i dao dokaze koji \u0107e pomo\u0107i njima, i svima onima koji budu bdjeli, prepoznati vremensko razdoblje <i>njegove prisutnosti na kraju ovog sada\u0161njeg doba<\/i>.<\/span><\/span><\/p>\n<h3><\/h3>\n<h3 style=\"text-align: right;\"><strong>ZIMA 2017<\/strong><\/h3>\n<p><a href=\"http:\/\/istrazivacibiblijeuhrvatskoj.com\/newsletter\/VK201704.pdf\" target=\"_blank\" rel=\"noopener noreferrer\"><img loading=\"lazy\" decoding=\"async\" class=\"alignright size-medium wp-image-10880\" src=\"https:\/\/istrazivacibiblijeuhrvatskoj.com\/blog\/wp-content\/uploads\/2016\/12\/ProphetWriting-small-262x300.png\" alt=\"\" width=\"262\" height=\"300\" srcset=\"https:\/\/istrazivacibiblijeuhrvatskoj.com\/blog\/wp-content\/uploads\/2016\/12\/ProphetWriting-small-262x300.png 262w, https:\/\/istrazivacibiblijeuhrvatskoj.com\/blog\/wp-content\/uploads\/2016\/12\/ProphetWriting-small.png 286w\" sizes=\"auto, (max-width: 262px) 100vw, 262px\" \/><\/a><br \/>\n<b>Dana\u0161nji Novinski Naslovi Napisani Prije Gotovo 2000 Godina:<\/b> <span style=\"font-family: 'Times New Roman', sans-serif;\"><span style=\"font-size: medium;\">Postoji svijetom ra\u0161irena bojazan da \u0107e sile promjene preokrenuti svijet kakvog poznajemo. Te promjene u stvari ispunjavaju Biblijsko proro\u010danstvo, i ne\u0161to \u0161to bi Kr\u0161\u0107ani trebali o\u010dekivati u vrijeme Kristovog drugog dolaska.<\/span><\/span><\/p>\n<p>&nbsp;<\/p>\n<p>&nbsp;<\/p>\n<h5><\/h5>\n<h5 style=\"text-align: center;\"><strong>KLIKNITE NA GORNJU SLIKU I SKINITE U PDFU.<\/strong><\/h5>\n","protected":false},"excerpt":{"rendered":"<p>ZA PRVO TROMJESE\u010cJE 2017 Za\u0161to Bog Dopu\u0161ta Zlo? U 1.Moj. 1:31 \u010ditamo: \u201eBog je zatim pogledao sve \u0161to je na\u010dinio, i gle, bilo je vrlo dobro.\u201c Me\u0111utim danas sve zacijelo nije \u201evrlo dobro.\u201c Zbog \u010dega se situacija promijenila? Za\u0161to je &hellip; <a href=\"https:\/\/istrazivacibiblijeuhrvatskoj.com\/blog\/kruzno-pismo\/2017-2\/\">Continue reading <span class=\"meta-nav\">&rarr;<\/span><\/a><\/p>\n","protected":false},"author":1,"featured_media":0,"parent":10404,"menu_order":2017,"comment_status":"closed","ping_status":"closed","template":"","meta":{"footnotes":""},"class_list":["post-14578","page","type-page","status-publish","hentry"],"_links":{"self":[{"href":"https:\/\/istrazivacibiblijeuhrvatskoj.com\/blog\/wp-json\/wp\/v2\/pages\/14578","targetHints":{"allow":["GET"]}}],"collection":[{"href":"https:\/\/istrazivacibiblijeuhrvatskoj.com\/blog\/wp-json\/wp\/v2\/pages"}],"about":[{"href":"https:\/\/istrazivacibiblijeuhrvatskoj.com\/blog\/wp-json\/wp\/v2\/types\/page"}],"author":[{"embeddable":true,"href":"https:\/\/istrazivacibiblijeuhrvatskoj.com\/blog\/wp-json\/wp\/v2\/users\/1"}],"replies":[{"embeddable":true,"href":"https:\/\/istrazivacibiblijeuhrvatskoj.com\/blog\/wp-json\/wp\/v2\/comments?post=14578"}],"version-history":[{"count":2,"href":"https:\/\/istrazivacibiblijeuhrvatskoj.com\/blog\/wp-json\/wp\/v2\/pages\/14578\/revisions"}],"predecessor-version":[{"id":14589,"href":"https:\/\/istrazivacibiblijeuhrvatskoj.com\/blog\/wp-json\/wp\/v2\/pages\/14578\/revisions\/14589"}],"up":[{"embeddable":true,"href":"https:\/\/istrazivacibiblijeuhrvatskoj.com\/blog\/wp-json\/wp\/v2\/pages\/10404"}],"wp:attachment":[{"href":"https:\/\/istrazivacibiblijeuhrvatskoj.com\/blog\/wp-json\/wp\/v2\/media?parent=14578"}],"curies":[{"name":"wp","href":"https:\/\/api.w.org\/{rel}","templated":true}]}}