{"id":14904,"date":"2021-05-25T00:12:33","date_gmt":"2021-05-24T22:12:33","guid":{"rendered":"http:\/\/istrazivacibiblijeuhrvatskoj.com\/blog\/?page_id=14904"},"modified":"2021-11-27T13:02:41","modified_gmt":"2021-11-27T11:02:41","slug":"2022-2","status":"publish","type":"page","link":"https:\/\/istrazivacibiblijeuhrvatskoj.com\/blog\/kruzno-pismo\/2022-2\/","title":{"rendered":"2022"},"content":{"rendered":"<h3 style=\"text-align: left;\"><strong>PROLJE\u0106E 2022<\/strong><\/h3>\n<p><b><a href=\"http:\/\/istrazivacibiblijeuhrvatskoj.com\/newsletter\/VK202201.pdf\" target=\"_blank\" rel=\"noopener noreferrer\"><img loading=\"lazy\" decoding=\"async\" class=\"alignright wp-image-14905 size-medium\" src=\"https:\/\/istrazivacibiblijeuhrvatskoj.com\/blog\/wp-content\/uploads\/2021\/05\/AustraliaFires-300x208.jpg\" alt=\"\" width=\"300\" height=\"208\" srcset=\"https:\/\/istrazivacibiblijeuhrvatskoj.com\/blog\/wp-content\/uploads\/2021\/05\/AustraliaFires-300x208.jpg 300w, https:\/\/istrazivacibiblijeuhrvatskoj.com\/blog\/wp-content\/uploads\/2021\/05\/AustraliaFires-1024x709.jpg 1024w, https:\/\/istrazivacibiblijeuhrvatskoj.com\/blog\/wp-content\/uploads\/2021\/05\/AustraliaFires-768x532.jpg 768w, https:\/\/istrazivacibiblijeuhrvatskoj.com\/blog\/wp-content\/uploads\/2021\/05\/AustraliaFires.jpg 1095w\" sizes=\"auto, (max-width: 300px) 100vw, 300px\" \/><\/a><\/b><\/p>\n<p><b>\u201eSve Stvorenje Uzdi\u0161e\u201d<\/b><br \/>\n\u017dalost i tugu prikazane na dnevnim vijestima \u010desto je tako nepodno\u0161ljivo gledati da moramo okrenuti o\u010di. I nije samo \u010dovje\u010danstvo ono koje pati, nego \u201esve stvorenje\u201d \u2013 \u017eivotinje, drve\u0107e, oceani i \u010dak i zrak koji udi\u0161emo. U proteklih malo vi\u0161e od 100 godina, cijeli planet je bio posebno ugro\u017een nepa\u017enjom \u010dovjeka. Trebamo samo ukazati na katastrofu nedavnih po\u017eara u ki\u0161nim \u0161umama Australije koji je pokazao bol koju trpi svaki element stvaranja i koji \u0107e imati razorne u\u010dinke za generacije koje dolaze.<\/p>\n<h3 style=\"text-align: right;\"><strong>LJETO 2022<\/strong><\/h3>\n<p><b><a href=\"http:\/\/istrazivacibiblijeuhrvatskoj.com\/newsletter\/VK202202.pdf\" target=\"_blank\" rel=\"noopener noreferrer\"><img loading=\"lazy\" decoding=\"async\" class=\"alignleft wp-image-14949 size-medium\" src=\"https:\/\/istrazivacibiblijeuhrvatskoj.com\/blog\/wp-content\/uploads\/2021\/07\/firesfront-300x267.jpg\" alt=\"\" width=\"300\" height=\"267\" srcset=\"https:\/\/istrazivacibiblijeuhrvatskoj.com\/blog\/wp-content\/uploads\/2021\/07\/firesfront-300x267.jpg 300w, https:\/\/istrazivacibiblijeuhrvatskoj.com\/blog\/wp-content\/uploads\/2021\/07\/firesfront-1024x910.jpg 1024w, https:\/\/istrazivacibiblijeuhrvatskoj.com\/blog\/wp-content\/uploads\/2021\/07\/firesfront-768x683.jpg 768w, https:\/\/istrazivacibiblijeuhrvatskoj.com\/blog\/wp-content\/uploads\/2021\/07\/firesfront.jpg 1063w\" sizes=\"auto, (max-width: 300px) 100vw, 300px\" \/><\/a><\/b><\/p>\n<p><strong>Vatra Anarhije se \u0160iri<\/strong><br \/>\nVatrene oluje nevolje me\u0111u narodima plamte diljem svijeta danas uzrokuju\u0107i veliku tjeskobu u srcima mnogih. Vatra, kako se koristi u Svetom Pismu, prikladan je simbol anarhije. To je najdestruktivnija sila, i ne postoji ni\u0161ta destruktivnije u dru\u0161tvu od anarhije. Proro\u010dki opis anarhije nalazi se u Ezekijelu 38:21&#8230;<\/p>\n<h3 style=\"text-align: left;\"><strong>JESEN 2022<\/strong><\/h3>\n<p><b><a href=\"http:\/\/istrazivacibiblijeuhrvatskoj.com\/newsletter\/VK202203.pdf\" target=\"_blank\" rel=\"noopener noreferrer\"><img loading=\"lazy\" decoding=\"async\" class=\"alignright size-medium wp-image-15018\" src=\"https:\/\/istrazivacibiblijeuhrvatskoj.com\/blog\/wp-content\/uploads\/2021\/09\/SatelliteSnowFront-300x279.jpg\" alt=\"\" width=\"300\" height=\"279\" srcset=\"https:\/\/istrazivacibiblijeuhrvatskoj.com\/blog\/wp-content\/uploads\/2021\/09\/SatelliteSnowFront-300x279.jpg 300w, https:\/\/istrazivacibiblijeuhrvatskoj.com\/blog\/wp-content\/uploads\/2021\/09\/SatelliteSnowFront-768x715.jpg 768w, https:\/\/istrazivacibiblijeuhrvatskoj.com\/blog\/wp-content\/uploads\/2021\/09\/SatelliteSnowFront.jpg 815w\" sizes=\"auto, (max-width: 300px) 100vw, 300px\" \/><b>Epska Klimatska Promjena Prore\u010dena<\/b><\/a><\/b><\/p>\n<p>Ogromni polarni pomaci u Zemljinoj klimi mu\u010de sjevernu hemisferu osobito u posljednjem desetlje\u0107u. U studenom 2014. rani napad zime udario je te\u0161ko sa smrtonosnim koli\u010dinama snijega i rekordno niskim temperaturama. Vijesti u medijima proglasili su te doga\u0111aje da su \u201eepski,\u201d \u201epovijesni\u201d i \u201eBiblijskih razmjera.\u201d Postoje drugi pojmovi koji se obi\u010dno izvije\u0161tavaju u vijestima danas, isto tako, kao \u0161to je \u201eglobalno zatopljenje,\u201d \u201eefekt staklenika,\u201d \u201epolarni vrtlog,\u201d itd.<\/p>\n<h3 style=\"text-align: right;\"><strong>ZIMA 2022<\/strong><\/h3>\n<p><b><a href=\"http:\/\/istrazivacibiblijeuhrvatskoj.com\/newsletter\/VK202204.pdf\" target=\"_blank\" rel=\"noopener noreferrer\"><img loading=\"lazy\" decoding=\"async\" class=\"alignleft wp-image-15119 size-medium\" src=\"https:\/\/istrazivacibiblijeuhrvatskoj.com\/blog\/wp-content\/uploads\/2021\/11\/CloudsEarth-216x300.jpg\" alt=\"\" width=\"216\" height=\"300\" srcset=\"https:\/\/istrazivacibiblijeuhrvatskoj.com\/blog\/wp-content\/uploads\/2021\/11\/CloudsEarth-216x300.jpg 216w, https:\/\/istrazivacibiblijeuhrvatskoj.com\/blog\/wp-content\/uploads\/2021\/11\/CloudsEarth-738x1024.jpg 738w, https:\/\/istrazivacibiblijeuhrvatskoj.com\/blog\/wp-content\/uploads\/2021\/11\/CloudsEarth-768x1066.jpg 768w, https:\/\/istrazivacibiblijeuhrvatskoj.com\/blog\/wp-content\/uploads\/2021\/11\/CloudsEarth.jpg 946w\" sizes=\"auto, (max-width: 216px) 100vw, 216px\" \/><\/a><\/b><\/p>\n<p><strong>Mi Smo U Prore\u010denom Danu Gospodinovom!<\/strong><br \/>\nPrema Biblijskoj kronologiji, ne\u0161to je vi\u0161e od 6000 godina otkad je Adam protjeran iz Edenskog vrta. Ovo je zna\u010dajno jer proro\u010danski sada \u017eivimo u razdoblju koje se naziva <i>\u201evrijeme kraja,\u201d<\/i> kada se o\u010dekuje da se Krist vrati i pripremi svijet za svoje pravedno Kraljevstvo i izbavljenje od <i>\u201esada\u0161njeg zlog svijeta.\u201d<\/i><\/p>\n<h5><\/h5>\n<h5 style=\"text-align: center;\"><strong>KLIKNITE NA GORNJU SLIKU I SKINITE U PDFU.<\/strong><\/h5>\n","protected":false},"excerpt":{"rendered":"<p>PROLJE\u0106E 2022 \u201eSve Stvorenje Uzdi\u0161e\u201d \u017dalost i tugu prikazane na dnevnim vijestima \u010desto je tako nepodno\u0161ljivo gledati da moramo okrenuti o\u010di. I nije samo \u010dovje\u010danstvo ono koje pati, nego \u201esve stvorenje\u201d \u2013 \u017eivotinje, drve\u0107e, oceani i \u010dak i zrak koji &hellip; <a href=\"https:\/\/istrazivacibiblijeuhrvatskoj.com\/blog\/kruzno-pismo\/2022-2\/\">Continue reading <span class=\"meta-nav\">&rarr;<\/span><\/a><\/p>\n","protected":false},"author":1,"featured_media":0,"parent":10404,"menu_order":2022,"comment_status":"closed","ping_status":"closed","template":"","meta":{"footnotes":""},"class_list":["post-14904","page","type-page","status-publish","hentry"],"_links":{"self":[{"href":"https:\/\/istrazivacibiblijeuhrvatskoj.com\/blog\/wp-json\/wp\/v2\/pages\/14904","targetHints":{"allow":["GET"]}}],"collection":[{"href":"https:\/\/istrazivacibiblijeuhrvatskoj.com\/blog\/wp-json\/wp\/v2\/pages"}],"about":[{"href":"https:\/\/istrazivacibiblijeuhrvatskoj.com\/blog\/wp-json\/wp\/v2\/types\/page"}],"author":[{"embeddable":true,"href":"https:\/\/istrazivacibiblijeuhrvatskoj.com\/blog\/wp-json\/wp\/v2\/users\/1"}],"replies":[{"embeddable":true,"href":"https:\/\/istrazivacibiblijeuhrvatskoj.com\/blog\/wp-json\/wp\/v2\/comments?post=14904"}],"version-history":[{"count":10,"href":"https:\/\/istrazivacibiblijeuhrvatskoj.com\/blog\/wp-json\/wp\/v2\/pages\/14904\/revisions"}],"predecessor-version":[{"id":15120,"href":"https:\/\/istrazivacibiblijeuhrvatskoj.com\/blog\/wp-json\/wp\/v2\/pages\/14904\/revisions\/15120"}],"up":[{"embeddable":true,"href":"https:\/\/istrazivacibiblijeuhrvatskoj.com\/blog\/wp-json\/wp\/v2\/pages\/10404"}],"wp:attachment":[{"href":"https:\/\/istrazivacibiblijeuhrvatskoj.com\/blog\/wp-json\/wp\/v2\/media?parent=14904"}],"curies":[{"name":"wp","href":"https:\/\/api.w.org\/{rel}","templated":true}]}}

<h3 style="text-align: left;"><strong>PROLJEĆE 2022</strong></h3>
<p><b><a href="http://istrazivacibiblijeuhrvatskoj.com/newsletter/VK202201.pdf" target="_blank" rel="noopener noreferrer"><img loading="lazy" decoding="async" class="alignright wp-image-14905 size-medium" src="https://istrazivacibiblijeuhrvatskoj.com/blog/wp-content/uploads/2021/05/AustraliaFires-300x208.jpg" alt="" width="300" height="208" srcset="https://istrazivacibiblijeuhrvatskoj.com/blog/wp-content/uploads/2021/05/AustraliaFires-300x208.jpg 300w, https://istrazivacibiblijeuhrvatskoj.com/blog/wp-content/uploads/2021/05/AustraliaFires-1024x709.jpg 1024w, https://istrazivacibiblijeuhrvatskoj.com/blog/wp-content/uploads/2021/05/AustraliaFires-768x532.jpg 768w, https://istrazivacibiblijeuhrvatskoj.com/blog/wp-content/uploads/2021/05/AustraliaFires.jpg 1095w" sizes="auto, (max-width: 300px) 100vw, 300px" /></a></b></p>
<p><b>„Sve Stvorenje Uzdiše”</b><br />
Žalost i tugu prikazane na dnevnim vijestima često je tako nepodnošljivo gledati da moramo okrenuti oči. I nije samo čovječanstvo ono koje pati, nego „sve stvorenje” – životinje, drveće, oceani i čak i zrak koji udišemo. U proteklih malo više od 100 godina, cijeli planet je bio posebno ugrožen nepažnjom čovjeka. Trebamo samo ukazati na katastrofu nedavnih požara u kišnim šumama Australije koji je pokazao bol koju trpi svaki element stvaranja i koji će imati razorne učinke za generacije koje dolaze.</p>
<h3 style="text-align: right;"><strong>LJETO 2022</strong></h3>
<p><b><a href="http://istrazivacibiblijeuhrvatskoj.com/newsletter/VK202202.pdf" target="_blank" rel="noopener noreferrer"><img loading="lazy" decoding="async" class="alignleft wp-image-14949 size-medium" src="https://istrazivacibiblijeuhrvatskoj.com/blog/wp-content/uploads/2021/07/firesfront-300x267.jpg" alt="" width="300" height="267" srcset="https://istrazivacibiblijeuhrvatskoj.com/blog/wp-content/uploads/2021/07/firesfront-300x267.jpg 300w, https://istrazivacibiblijeuhrvatskoj.com/blog/wp-content/uploads/2021/07/firesfront-1024x910.jpg 1024w, https://istrazivacibiblijeuhrvatskoj.com/blog/wp-content/uploads/2021/07/firesfront-768x683.jpg 768w, https://istrazivacibiblijeuhrvatskoj.com/blog/wp-content/uploads/2021/07/firesfront.jpg 1063w" sizes="auto, (max-width: 300px) 100vw, 300px" /></a></b></p>
<p><strong>Vatra Anarhije se Širi</strong><br />
Vatrene oluje nevolje među narodima plamte diljem svijeta danas uzrokujući veliku tjeskobu u srcima mnogih. Vatra, kako se koristi u Svetom Pismu, prikladan je simbol anarhije. To je najdestruktivnija sila, i ne postoji ništa destruktivnije u društvu od anarhije. Proročki opis anarhije nalazi se u Ezekijelu 38:21&#8230;</p>
<h3 style="text-align: left;"><strong>JESEN 2022</strong></h3>
<p><b><a href="http://istrazivacibiblijeuhrvatskoj.com/newsletter/VK202203.pdf" target="_blank" rel="noopener noreferrer"><img loading="lazy" decoding="async" class="alignright size-medium wp-image-15018" src="https://istrazivacibiblijeuhrvatskoj.com/blog/wp-content/uploads/2021/09/SatelliteSnowFront-300x279.jpg" alt="" width="300" height="279" srcset="https://istrazivacibiblijeuhrvatskoj.com/blog/wp-content/uploads/2021/09/SatelliteSnowFront-300x279.jpg 300w, https://istrazivacibiblijeuhrvatskoj.com/blog/wp-content/uploads/2021/09/SatelliteSnowFront-768x715.jpg 768w, https://istrazivacibiblijeuhrvatskoj.com/blog/wp-content/uploads/2021/09/SatelliteSnowFront.jpg 815w" sizes="auto, (max-width: 300px) 100vw, 300px" /><b>Epska Klimatska Promjena Prorečena</b></a></b></p>
<p>Ogromni polarni pomaci u Zemljinoj klimi muče sjevernu hemisferu osobito u posljednjem desetljeću. U studenom 2014. rani napad zime udario je teško sa smrtonosnim količinama snijega i rekordno niskim temperaturama. Vijesti u medijima proglasili su te događaje da su „epski,” „povijesni” i „Biblijskih razmjera.” Postoje drugi pojmovi koji se obično izviještavaju u vijestima danas, isto tako, kao što je „globalno zatopljenje,” „efekt staklenika,” „polarni vrtlog,” itd.</p>
<h3 style="text-align: right;"><strong>ZIMA 2022</strong></h3>
<p><b><a href="http://istrazivacibiblijeuhrvatskoj.com/newsletter/VK202204.pdf" target="_blank" rel="noopener noreferrer"><img loading="lazy" decoding="async" class="alignleft wp-image-15119 size-medium" src="https://istrazivacibiblijeuhrvatskoj.com/blog/wp-content/uploads/2021/11/CloudsEarth-216x300.jpg" alt="" width="216" height="300" srcset="https://istrazivacibiblijeuhrvatskoj.com/blog/wp-content/uploads/2021/11/CloudsEarth-216x300.jpg 216w, https://istrazivacibiblijeuhrvatskoj.com/blog/wp-content/uploads/2021/11/CloudsEarth-738x1024.jpg 738w, https://istrazivacibiblijeuhrvatskoj.com/blog/wp-content/uploads/2021/11/CloudsEarth-768x1066.jpg 768w, https://istrazivacibiblijeuhrvatskoj.com/blog/wp-content/uploads/2021/11/CloudsEarth.jpg 946w" sizes="auto, (max-width: 216px) 100vw, 216px" /></a></b></p>
<p><strong>Mi Smo U Prorečenom Danu Gospodinovom!</strong><br />
Prema Biblijskoj kronologiji, nešto je više od 6000 godina otkad je Adam protjeran iz Edenskog vrta. Ovo je značajno jer proročanski sada živimo u razdoblju koje se naziva <i>„vrijeme kraja,”</i> kada se očekuje da se Krist vrati i pripremi svijet za svoje pravedno Kraljevstvo i izbavljenje od <i>„sadašnjeg zlog svijeta.”</i></p>
<h5></h5>
<h5 style="text-align: center;"><strong>KLIKNITE NA GORNJU SLIKU I SKINITE U PDFU.</strong></h5>

<p>PROLJEĆE 2022 „Sve Stvorenje Uzdiše” Žalost i tugu prikazane na dnevnim vijestima često je tako nepodnošljivo gledati da moramo okrenuti oči. I nije samo čovječanstvo ono koje pati, nego „sve stvorenje” – životinje, drveće, oceani i čak i zrak koji &hellip; <a href="https://istrazivacibiblijeuhrvatskoj.com/blog/kruzno-pismo/2022-2/">Continue reading <span class="meta-nav">&rarr;</span></a></p>
