{"id":15227,"date":"2022-03-21T12:35:06","date_gmt":"2022-03-21T10:35:06","guid":{"rendered":"http:\/\/istrazivacibiblijeuhrvatskoj.com\/blog\/?page_id=15227"},"modified":"2022-11-13T14:50:24","modified_gmt":"2022-11-13T12:50:24","slug":"2023-2","status":"publish","type":"page","link":"https:\/\/istrazivacibiblijeuhrvatskoj.com\/blog\/kruzno-pismo\/2023-2\/","title":{"rendered":"2023"},"content":{"rendered":"<h3 style=\"text-align: left;\"><strong>PROLJE\u0106E 2023<\/strong><\/h3>\n<p><b><a href=\"http:\/\/istrazivacibiblijeuhrvatskoj.com\/newsletter\/VK202301.pdf\" target=\"_blank\" rel=\"noopener noreferrer\"><img loading=\"lazy\" decoding=\"async\" class=\"alignright wp-image-15230 size-medium\" src=\"https:\/\/istrazivacibiblijeuhrvatskoj.com\/blog\/wp-content\/uploads\/2022\/03\/BiblePrayingHands-small-277x300.jpg\" alt=\"\" width=\"277\" height=\"300\" srcset=\"https:\/\/istrazivacibiblijeuhrvatskoj.com\/blog\/wp-content\/uploads\/2022\/03\/BiblePrayingHands-small-277x300.jpg 277w, https:\/\/istrazivacibiblijeuhrvatskoj.com\/blog\/wp-content\/uploads\/2022\/03\/BiblePrayingHands-small.jpg 500w\" sizes=\"auto, (max-width: 277px) 100vw, 277px\" \/><\/a><\/b><b>POBIJEDITI STRAH U VREMENU KRAJA<\/b><br \/>\nPostoji skrivena struja straha koja prolazi kroz svaki element dana\u0161njeg dru\u0161tva, i to s pravom, jer Sveto Pismo navodi da \u0107e srca ljudi klonuti od straha. (Luka 21:26) U ovim vremenima ekstremnim vremenskih promjena, velikih potresa, prijetnje od daljnjih pandemija, pa \u010dak i vi\u0161e zastra\u0161uju\u0107e o\u010dekivanje nuklearnog rata, kako Kr\u0161\u0107anin pobje\u0111uje strah?<\/p>\n<p>&nbsp;<\/p>\n<p>&nbsp;<\/p>\n<h3 style=\"text-align: right;\"><strong>LJETO 2023<\/strong><\/h3>\n<p><b><a href=\"http:\/\/istrazivacibiblijeuhrvatskoj.com\/newsletter\/VK202302.pdf\" target=\"_blank\" rel=\"noopener noreferrer\"><img loading=\"lazy\" decoding=\"async\" class=\"alignleft wp-image-15291 size-medium\" src=\"https:\/\/istrazivacibiblijeuhrvatskoj.com\/blog\/wp-content\/uploads\/2022\/06\/War2WrldSmall-300x214.jpg\" alt=\"\" width=\"300\" height=\"214\" srcset=\"https:\/\/istrazivacibiblijeuhrvatskoj.com\/blog\/wp-content\/uploads\/2022\/06\/War2WrldSmall-300x214.jpg 300w, https:\/\/istrazivacibiblijeuhrvatskoj.com\/blog\/wp-content\/uploads\/2022\/06\/War2WrldSmall.jpg 615w\" sizes=\"auto, (max-width: 300px) 100vw, 300px\" \/><\/a><\/b><strong>RAT DVAJU SVJETOVA<\/strong><br \/>\nBiblija identificira vrijeme u kojem \u017eivimo kao sada\u0161nji zli svijet i izjavljuje da je Sotona bog ovoga svijeta. (Gala\u0107anima 1:4; 2. Korin\u0107anima 4:4) Ali, u ovo vrijeme kraja sada\u0161njeg zlog svijeta, Krist po\u010dinje preuzimati kontrolu nad zbivanjima zemlje i ru\u0161i ovaj stari poredak \u2013 financijske, dru\u0161tvene, dr\u017eavne i vjerske sisteme koji bili su iskvareni zlom&#8230;.<\/p>\n<h3 style=\"text-align: left;\"><strong>JESEN 2023<\/strong><\/h3>\n<p><b><a href=\"http:\/\/istrazivacibiblijeuhrvatskoj.com\/newsletter\/VK202303.pdf\" target=\"_blank\" rel=\"noopener noreferrer\"><img loading=\"lazy\" decoding=\"async\" class=\"alignright wp-image-15358 size-medium\" src=\"https:\/\/istrazivacibiblijeuhrvatskoj.com\/blog\/wp-content\/uploads\/2022\/09\/AngelsSmall.jpg\" alt=\"\" width=\"300\" height=\"273\" srcset=\"https:\/\/istrazivacibiblijeuhrvatskoj.com\/blog\/wp-content\/uploads\/2022\/09\/AngelsSmall.jpg 583w, https:\/\/istrazivacibiblijeuhrvatskoj.com\/blog\/wp-content\/uploads\/2022\/09\/AngelsSmall-300x273.jpg 300w\" sizes=\"auto, (max-width: 300px) 100vw, 300px\" \/><\/a><\/b><strong>SILE ZLA U VREMENU KRAJA<\/strong><br \/>\nMnogi su Kr\u0161\u0107ani zabrinuti zbog porasta spiritizma i okultizma na Zemlji danas, vide\u0107i to kao znak posljednjih vremena. Zapravo, kr\u0161\u0107ani moraju biti posebno na oprezu kako bi se za\u0161titili od ovog podmuklog neprijatelja, jer su oni posebne mete Sotone i palih an\u0111ela \u2013 demona. \u201eBudite trezveni, bdijte, jer protivnik va\u0161, \u0110avao, kao ri\u010du\u0107i lav obilazi okolo tra\u017ee\u0107i koga mo\u017ee pro\u017edrijeti.\u201d (1 Petrova 5:8, 9 NAS)<\/p>\n<h3 style=\"text-align: right;\"><strong>ZIMA 2023<\/strong><\/h3>\n<p><b><a href=\"http:\/\/istrazivacibiblijeuhrvatskoj.com\/newsletter\/VK202304.pdf\" target=\"_blank\" rel=\"noopener noreferrer\"><img loading=\"lazy\" decoding=\"async\" class=\"alignleft size-medium wp-image-15406\" src=\"https:\/\/istrazivacibiblijeuhrvatskoj.com\/blog\/wp-content\/uploads\/2022\/11\/4Horsemen-300x287.jpg\" alt=\"\" width=\"300\" height=\"287\" srcset=\"https:\/\/istrazivacibiblijeuhrvatskoj.com\/blog\/wp-content\/uploads\/2022\/11\/4Horsemen-300x287.jpg 300w, https:\/\/istrazivacibiblijeuhrvatskoj.com\/blog\/wp-content\/uploads\/2022\/11\/4Horsemen.jpg 340w\" sizes=\"auto, (max-width: 300px) 100vw, 300px\" \/><\/a><\/b><br \/>\n<strong>Otkrivenje: Razbijanje<br \/>\nSimboli\u010dkog Koda<\/strong><br \/>\nKnjiga Otkrivenja je proro\u010danska slika o iskustvima i svrsi Kr\u0161\u0107anskog Doba. Njegovi simboli ilustriraju \u0161to bi prava Crkva pretrpjela od ruku la\u017ene crkve i slavni ishod strpljive izdr\u017eljivosti kroz mu\u010dne ku\u0161nje vjere. Kao i kod mnogih proro\u010danstava, te doga\u0111aje Crkva ne bi u potpunosti razumjela sve do njihovog ispunjenja.<\/p>\n<p>&nbsp;<\/p>\n<p><b><\/b><strong>KLIKNITE NA GORNJU SLIKU I SKINITE U PDFU.<\/strong><\/p>\n","protected":false},"excerpt":{"rendered":"<p>PROLJE\u0106E 2023 POBIJEDITI STRAH U VREMENU KRAJA Postoji skrivena struja straha koja prolazi kroz svaki element dana\u0161njeg dru\u0161tva, i to s pravom, jer Sveto Pismo navodi da \u0107e srca ljudi klonuti od straha. (Luka 21:26) U ovim vremenima ekstremnim vremenskih &hellip; <a href=\"https:\/\/istrazivacibiblijeuhrvatskoj.com\/blog\/kruzno-pismo\/2023-2\/\">Continue reading <span class=\"meta-nav\">&rarr;<\/span><\/a><\/p>\n","protected":false},"author":1,"featured_media":0,"parent":10404,"menu_order":2023,"comment_status":"closed","ping_status":"closed","template":"","meta":{"footnotes":""},"class_list":["post-15227","page","type-page","status-publish","hentry"],"_links":{"self":[{"href":"https:\/\/istrazivacibiblijeuhrvatskoj.com\/blog\/wp-json\/wp\/v2\/pages\/15227","targetHints":{"allow":["GET"]}}],"collection":[{"href":"https:\/\/istrazivacibiblijeuhrvatskoj.com\/blog\/wp-json\/wp\/v2\/pages"}],"about":[{"href":"https:\/\/istrazivacibiblijeuhrvatskoj.com\/blog\/wp-json\/wp\/v2\/types\/page"}],"author":[{"embeddable":true,"href":"https:\/\/istrazivacibiblijeuhrvatskoj.com\/blog\/wp-json\/wp\/v2\/users\/1"}],"replies":[{"embeddable":true,"href":"https:\/\/istrazivacibiblijeuhrvatskoj.com\/blog\/wp-json\/wp\/v2\/comments?post=15227"}],"version-history":[{"count":8,"href":"https:\/\/istrazivacibiblijeuhrvatskoj.com\/blog\/wp-json\/wp\/v2\/pages\/15227\/revisions"}],"predecessor-version":[{"id":15407,"href":"https:\/\/istrazivacibiblijeuhrvatskoj.com\/blog\/wp-json\/wp\/v2\/pages\/15227\/revisions\/15407"}],"up":[{"embeddable":true,"href":"https:\/\/istrazivacibiblijeuhrvatskoj.com\/blog\/wp-json\/wp\/v2\/pages\/10404"}],"wp:attachment":[{"href":"https:\/\/istrazivacibiblijeuhrvatskoj.com\/blog\/wp-json\/wp\/v2\/media?parent=15227"}],"curies":[{"name":"wp","href":"https:\/\/api.w.org\/{rel}","templated":true}]}}