{"id":15296,"date":"2022-06-17T16:08:59","date_gmt":"2022-06-17T14:08:59","guid":{"rendered":"http:\/\/istrazivacibiblijeuhrvatskoj.com\/blog\/?page_id=15296"},"modified":"2022-11-19T12:43:53","modified_gmt":"2022-11-19T10:43:53","slug":"strazarska-kula-1911","status":"publish","type":"page","link":"https:\/\/istrazivacibiblijeuhrvatskoj.com\/blog\/knige\/strazarska-kula\/strazarska-kula-1911\/","title":{"rendered":"Stra\u017earska Kula &#8211; 1911"},"content":{"rendered":"<p>Kliknite na donju poveznicu i skinite u pdfu:<\/p>\n<p><a href=\"https:\/\/istrazivacibiblijeuhrvatskoj.com\/blog\/wp-content\/uploads\/2022\/06\/ZWT19110101.pdf\" target=\"_blank\" rel=\"noopener noreferrer\"> 1. Sije\u010danj, 1911 &#8211; ZWT19110101<\/a><\/p>\n<p><a href=\"https:\/\/istrazivacibiblijeuhrvatskoj.com\/blog\/wp-content\/uploads\/2022\/06\/ZWT19110115.pdf\" target=\"_blank\" rel=\"noopener noreferrer\"> 15. Sije\u010danj, 1911 &#8211; ZWT19110115<\/a><\/p>\n<p><a href=\"https:\/\/istrazivacibiblijeuhrvatskoj.com\/blog\/wp-content\/uploads\/2022\/06\/ZWT19110201.pdf\" target=\"_blank\" rel=\"noopener noreferrer\"> 1. Velja\u010de, 1911 &#8211; ZWT19110201<\/a><\/p>\n<p><a href=\"https:\/\/istrazivacibiblijeuhrvatskoj.com\/blog\/wp-content\/uploads\/2022\/07\/ZWT19110215.pdf\" target=\"_blank\" rel=\"noopener noreferrer\"> 15. Velja\u010de, 1911 &#8211; ZWT19110215<\/a><\/p>\n<p><a href=\"https:\/\/istrazivacibiblijeuhrvatskoj.com\/blog\/wp-content\/uploads\/2022\/07\/ZWT19110301.pdf\" target=\"_blank\" rel=\"noopener noreferrer\"> 1. O\u017eujak, 1911 &#8211; ZWT19110301<\/a><\/p>\n<p><a href=\"https:\/\/istrazivacibiblijeuhrvatskoj.com\/blog\/wp-content\/uploads\/2022\/07\/ZWT19110315.pdf\" target=\"_blank\" rel=\"noopener noreferrer\"> 15. O\u017eujak, 1911 &#8211; ZWT19110315<\/a><\/p>\n<p><a href=\"https:\/\/istrazivacibiblijeuhrvatskoj.com\/blog\/wp-content\/uploads\/2022\/07\/ZWT19110401.pdf\" target=\"_blank\" rel=\"noopener noreferrer\"> 1. Travanj, 1911 &#8211; ZWT19110401<\/a><\/p>\n<p><a href=\"https:\/\/istrazivacibiblijeuhrvatskoj.com\/blog\/wp-content\/uploads\/2022\/08\/ZWT19110415.pdf\" target=\"_blank\" rel=\"noopener noreferrer\"> 15. Travanj, 1911 &#8211; ZWT19110415<\/a><\/p>\n<p><a href=\"https:\/\/istrazivacibiblijeuhrvatskoj.com\/blog\/wp-content\/uploads\/2022\/08\/ZWT19110501.pdf\" target=\"_blank\" rel=\"noopener noreferrer\"> 1. Svibanj, 1911 &#8211; ZWT19110501<\/a><\/p>\n<p><a href=\"https:\/\/istrazivacibiblijeuhrvatskoj.com\/blog\/wp-content\/uploads\/2022\/08\/ZWT19110515.pdf\" target=\"_blank\" rel=\"noopener noreferrer\"> 15. Svibanj, 1911 &#8211; ZWT19110515<\/a><\/p>\n<p><a href=\"https:\/\/istrazivacibiblijeuhrvatskoj.com\/blog\/wp-content\/uploads\/2022\/08\/ZWT19110601.pdf\" target=\"_blank\" rel=\"noopener noreferrer\"> 1. Lipanj, 1911 &#8211; ZWT19110601<\/a><\/p>\n<p><a href=\"https:\/\/istrazivacibiblijeuhrvatskoj.com\/blog\/wp-content\/uploads\/2022\/09\/ZWT19110615.pdf\" target=\"_blank\" rel=\"noopener noreferrer\"> 15. Lipanj, 1911 &#8211; ZWT19110615<\/a><\/p>\n<p><a href=\"https:\/\/istrazivacibiblijeuhrvatskoj.com\/blog\/wp-content\/uploads\/2022\/09\/ZWT19110701.pdf\" target=\"_blank\" rel=\"noopener noreferrer\"> 1. Srpanj, 1911 &#8211; ZWT19110701<\/a><\/p>\n<p><a href=\"https:\/\/istrazivacibiblijeuhrvatskoj.com\/blog\/wp-content\/uploads\/2022\/09\/ZWT19110715.pdf\" target=\"_blank\" rel=\"noopener noreferrer\"> 15. Srpanj, 1911 &#8211; ZWT19110715<\/a><\/p>\n<p><a href=\"https:\/\/istrazivacibiblijeuhrvatskoj.com\/blog\/wp-content\/uploads\/2022\/09\/ZWT19110801.pdf\" target=\"_blank\" rel=\"noopener noreferrer\"> 1. Kolovoz, 1911 &#8211; ZWT19110801<\/a><\/p>\n<p><a href=\"https:\/\/istrazivacibiblijeuhrvatskoj.com\/blog\/wp-content\/uploads\/2022\/10\/ZWT19110901.pdf\" target=\"_blank\" rel=\"noopener noreferrer\"> 1. Rujan, 1911 &#8211; ZWT19110901<\/a><\/p>\n<p><a href=\"https:\/\/istrazivacibiblijeuhrvatskoj.com\/blog\/wp-content\/uploads\/2022\/10\/ZWT19110915.pdf\" target=\"_blank\" rel=\"noopener noreferrer\"> 15. Rujan, 1911 &#8211; ZWT19110915<\/a><\/p>\n<p><a href=\"https:\/\/istrazivacibiblijeuhrvatskoj.com\/blog\/wp-content\/uploads\/2022\/10\/ZWT19111001.pdf\" target=\"_blank\" rel=\"noopener noreferrer\"> 1. Listopad, 1911 &#8211; ZWT19111001<\/a><\/p>\n<p><a href=\"https:\/\/istrazivacibiblijeuhrvatskoj.com\/blog\/wp-content\/uploads\/2022\/10\/ZWT19111015.pdf\" target=\"_blank\" rel=\"noopener noreferrer\"> 15. Listopad, 1911 &#8211; ZWT19111015<\/a><\/p>\n<p><a href=\"https:\/\/istrazivacibiblijeuhrvatskoj.com\/blog\/wp-content\/uploads\/2022\/10\/ZWT19111101.pdf\" target=\"_blank\" rel=\"noopener noreferrer\"> 1. Studeni, 1911 &#8211; ZWT19111101<\/a><\/p>\n<p><a href=\"https:\/\/istrazivacibiblijeuhrvatskoj.com\/blog\/wp-content\/uploads\/2022\/11\/ZWT19111115.pdf\" target=\"_blank\" rel=\"noopener noreferrer\"> 15. Studeni, 1911 &#8211; ZWT19111115<\/a><\/p>\n<p><a href=\"https:\/\/istrazivacibiblijeuhrvatskoj.com\/blog\/wp-content\/uploads\/2022\/11\/ZWT19111201.pdf\" target=\"_blank\" rel=\"noopener noreferrer\"> 1. Prosinac, 1911 &#8211; ZWT19111201<\/a><\/p>\n<p><a href=\"https:\/\/istrazivacibiblijeuhrvatskoj.com\/blog\/wp-content\/uploads\/2022\/11\/ZWT19111215.pdf\" target=\"_blank\" rel=\"noopener noreferrer\"> 15. Prosinac, 1911 &#8211; ZWT19111215<\/a><\/p>\n","protected":false},"excerpt":{"rendered":"<p>Kliknite na donju poveznicu i skinite u pdfu: 1. Sije\u010danj, 1911 &#8211; ZWT19110101 15. Sije\u010danj, 1911 &#8211; ZWT19110115 1. Velja\u010de, 1911 &#8211; ZWT19110201 15. Velja\u010de, 1911 &#8211; ZWT19110215 1. O\u017eujak, 1911 &#8211; ZWT19110301 15. O\u017eujak, 1911 &#8211; ZWT19110315 1. Travanj, &hellip; <a href=\"https:\/\/istrazivacibiblijeuhrvatskoj.com\/blog\/knige\/strazarska-kula\/strazarska-kula-1911\/\">Continue reading <span class=\"meta-nav\">&rarr;<\/span><\/a><\/p>\n","protected":false},"author":1,"featured_media":0,"parent":10476,"menu_order":6,"comment_status":"closed","ping_status":"closed","template":"","meta":{"footnotes":""},"class_list":["post-15296","page","type-page","status-publish","hentry"],"_links":{"self":[{"href":"https:\/\/istrazivacibiblijeuhrvatskoj.com\/blog\/wp-json\/wp\/v2\/pages\/15296","targetHints":{"allow":["GET"]}}],"collection":[{"href":"https:\/\/istrazivacibiblijeuhrvatskoj.com\/blog\/wp-json\/wp\/v2\/pages"}],"about":[{"href":"https:\/\/istrazivacibiblijeuhrvatskoj.com\/blog\/wp-json\/wp\/v2\/types\/page"}],"author":[{"embeddable":true,"href":"https:\/\/istrazivacibiblijeuhrvatskoj.com\/blog\/wp-json\/wp\/v2\/users\/1"}],"replies":[{"embeddable":true,"href":"https:\/\/istrazivacibiblijeuhrvatskoj.com\/blog\/wp-json\/wp\/v2\/comments?post=15296"}],"version-history":[{"count":25,"href":"https:\/\/istrazivacibiblijeuhrvatskoj.com\/blog\/wp-json\/wp\/v2\/pages\/15296\/revisions"}],"predecessor-version":[{"id":15410,"href":"https:\/\/istrazivacibiblijeuhrvatskoj.com\/blog\/wp-json\/wp\/v2\/pages\/15296\/revisions\/15410"}],"up":[{"embeddable":true,"href":"https:\/\/istrazivacibiblijeuhrvatskoj.com\/blog\/wp-json\/wp\/v2\/pages\/10476"}],"wp:attachment":[{"href":"https:\/\/istrazivacibiblijeuhrvatskoj.com\/blog\/wp-json\/wp\/v2\/media?parent=15296"}],"curies":[{"name":"wp","href":"https:\/\/api.w.org\/{rel}","templated":true}]}}