{"id":16048,"date":"2025-04-26T12:02:46","date_gmt":"2025-04-26T10:02:46","guid":{"rendered":"https:\/\/istrazivacibiblijeuhrvatskoj.com\/blog\/?page_id=16048"},"modified":"2025-10-18T11:09:04","modified_gmt":"2025-10-18T09:09:04","slug":"strazarska-kula-1905","status":"publish","type":"page","link":"https:\/\/istrazivacibiblijeuhrvatskoj.com\/blog\/knige\/strazarska-kula\/strazarska-kula-1905\/","title":{"rendered":"Stra\u017earska Kula &#8211; 1905"},"content":{"rendered":"<p><a href=\"https:\/\/istrazivacibiblijeuhrvatskoj.com\/blog\/wp-content\/uploads\/2025\/05\/ZWT19050101.pdf\" target=\"_blank\" rel=\"noopener noreferrer\">1. Sije\u010danj, 1905 &#8211; ZWT19050101<\/a><\/p>\n<p><a href=\"https:\/\/istrazivacibiblijeuhrvatskoj.com\/blog\/wp-content\/uploads\/2025\/05\/ZWT19050115.pdf\" target=\"_blank\" rel=\"noopener noreferrer\">15. Sije\u010danj, 1905 &#8211; ZWT19050115<\/a><\/p>\n<p><a href=\"https:\/\/istrazivacibiblijeuhrvatskoj.com\/blog\/wp-content\/uploads\/2025\/05\/ZWT19050201.pdf\" target=\"_blank\" rel=\"noopener noreferrer\">1. Velja\u010de, 1905 &#8211; ZWT19050201<\/a><\/p>\n<p><a href=\"https:\/\/istrazivacibiblijeuhrvatskoj.com\/blog\/wp-content\/uploads\/2025\/05\/ZWT19050215.pdf\" target=\"_blank\" rel=\"noopener noreferrer\">15. Velja\u010de, 1905 &#8211; ZWT19050215<\/a><\/p>\n<p><a href=\"https:\/\/istrazivacibiblijeuhrvatskoj.com\/blog\/wp-content\/uploads\/2025\/05\/ZWT19050301.pdf\" target=\"_blank\" rel=\"noopener noreferrer\">1. O\u017eujak, 1905 &#8211; ZWT19050301<\/a><\/p>\n<p><a href=\"https:\/\/istrazivacibiblijeuhrvatskoj.com\/blog\/wp-content\/uploads\/2025\/06\/ZWT19050315.pdf\" target=\"_blank\" rel=\"noopener noreferrer\">15. O\u017eujak, 1905 &#8211; ZWT19050315<\/a><\/p>\n<p><a href=\"https:\/\/istrazivacibiblijeuhrvatskoj.com\/blog\/wp-content\/uploads\/2025\/06\/ZWT19050401.pdf\" target=\"_blank\" rel=\"noopener noreferrer\">1. Travanj, 1905 &#8211; ZWT19050401<\/a><\/p>\n<p><a href=\"https:\/\/istrazivacibiblijeuhrvatskoj.com\/blog\/wp-content\/uploads\/2025\/06\/ZWT19050415.pdf\" target=\"_blank\" rel=\"noopener noreferrer\">15. Travanj, 1905 &#8211; ZWT19050415<\/a><\/p>\n<p><a href=\"https:\/\/istrazivacibiblijeuhrvatskoj.com\/blog\/wp-content\/uploads\/2025\/06\/ZWT19050501.pdf\" target=\"_blank\" rel=\"noopener noreferrer\">1. Svibanj, 1905 &#8211; ZWT19050501<\/a><\/p>\n<p><a href=\"https:\/\/istrazivacibiblijeuhrvatskoj.com\/blog\/wp-content\/uploads\/2025\/07\/ZWT19050515.pdf\" target=\"_blank\" rel=\"noopener noreferrer\">15. Svibanj, 1905 &#8211; ZWT19050515<\/a><\/p>\n<p><a href=\"https:\/\/istrazivacibiblijeuhrvatskoj.com\/blog\/wp-content\/uploads\/2025\/07\/ZWT19050601.pdf\" target=\"_blank\" rel=\"noopener noreferrer\">1. Lipanj, 1905 &#8211; ZWT19050601<\/a><\/p>\n<p><a href=\"https:\/\/istrazivacibiblijeuhrvatskoj.com\/blog\/wp-content\/uploads\/2025\/07\/ZWT19050615.pdf\" target=\"_blank\" rel=\"noopener noreferrer\">15. Lipanj, 1905 &#8211; ZWT19050615<\/a><\/p>\n<p><a href=\"https:\/\/istrazivacibiblijeuhrvatskoj.com\/blog\/wp-content\/uploads\/2025\/07\/ZWT19050701.pdf\" target=\"_blank\" rel=\"noopener noreferrer\">1. Srpanj, 1905 &#8211; ZWT19050701<\/a><\/p>\n<p><a href=\"https:\/\/istrazivacibiblijeuhrvatskoj.com\/blog\/wp-content\/uploads\/2025\/08\/ZWT19050715.pdf\" target=\"_blank\" rel=\"noopener noreferrer\">15. Srpanj, 1905 &#8211; ZWT19050715<\/a><\/p>\n<p><a href=\"https:\/\/istrazivacibiblijeuhrvatskoj.com\/blog\/wp-content\/uploads\/2025\/08\/ZWT19050801.pdf\" target=\"_blank\" rel=\"noopener noreferrer\">1. Kolovoz, 1905 &#8211; ZWT19050801<\/a><\/p>\n<p><a href=\"https:\/\/istrazivacibiblijeuhrvatskoj.com\/blog\/wp-content\/uploads\/2025\/08\/ZWT19050815.pdf\" target=\"_blank\" rel=\"noopener noreferrer\">15. Kolovoz, 1905 &#8211; ZWT19050815<\/a><\/p>\n<p><a href=\"https:\/\/istrazivacibiblijeuhrvatskoj.com\/blog\/wp-content\/uploads\/2025\/08\/ZWT19050901.pdf\" target=\"_blank\" rel=\"noopener noreferrer\">1. Rujan, 1905 &#8211; ZWT19050901<\/a><\/p>\n<p><a href=\"https:\/\/istrazivacibiblijeuhrvatskoj.com\/blog\/wp-content\/uploads\/2025\/08\/ZWT19050915.pdf\" target=\"_blank\" rel=\"noopener noreferrer\">15. Rujan, 1905 &#8211; ZWT19050915<\/a><\/p>\n<p><a href=\"https:\/\/istrazivacibiblijeuhrvatskoj.com\/blog\/wp-content\/uploads\/2025\/09\/ZWT19051001.pdf\" target=\"_blank\" rel=\"noopener noreferrer\">1. Listopad, 1905 &#8211; ZWT19051001<\/a><\/p>\n<p><a href=\"https:\/\/istrazivacibiblijeuhrvatskoj.com\/blog\/wp-content\/uploads\/2025\/09\/ZWT19051015.pdf\" target=\"_blank\" rel=\"noopener noreferrer\">15. Listopad, 1905 &#8211; ZWT19051015<\/a><\/p>\n<p><a href=\"https:\/\/istrazivacibiblijeuhrvatskoj.com\/blog\/wp-content\/uploads\/2025\/09\/ZWT19051101.pdf\" target=\"_blank\" rel=\"noopener noreferrer\">1. Studeni, 1905 &#8211; ZWT19051101<\/a><\/p>\n<p><a href=\"https:\/\/istrazivacibiblijeuhrvatskoj.com\/blog\/wp-content\/uploads\/2025\/10\/ZWT19051115.pdf\" target=\"_blank\" rel=\"noopener noreferrer\">15. Studeni, 1905 &#8211; ZWT19051115<\/a><\/p>\n<p><a href=\"https:\/\/istrazivacibiblijeuhrvatskoj.com\/blog\/wp-content\/uploads\/2025\/10\/ZWT19051201.pdf\" target=\"_blank\" rel=\"noopener noreferrer\">1. Prosinac, 1905 &#8211; ZWT19051201<\/a><\/p>\n<p><a href=\"https:\/\/istrazivacibiblijeuhrvatskoj.com\/blog\/wp-content\/uploads\/2025\/10\/ZWT19051215.pdf\" target=\"_blank\" rel=\"noopener noreferrer\">15. Prosinac, 1905 &#8211; ZWT19051215<\/a><\/p>\n","protected":false},"excerpt":{"rendered":"<p>1. Sije\u010danj, 1905 &#8211; ZWT19050101 15. Sije\u010danj, 1905 &#8211; ZWT19050115 1. Velja\u010de, 1905 &#8211; ZWT19050201 15. Velja\u010de, 1905 &#8211; ZWT19050215 1. O\u017eujak, 1905 &#8211; ZWT19050301 15. O\u017eujak, 1905 &#8211; ZWT19050315 1. Travanj, 1905 &#8211; ZWT19050401 15. Travanj, 1905 &#8211; ZWT19050415 &hellip; <a href=\"https:\/\/istrazivacibiblijeuhrvatskoj.com\/blog\/knige\/strazarska-kula\/strazarska-kula-1905\/\">Continue reading <span class=\"meta-nav\">&rarr;<\/span><\/a><\/p>\n","protected":false},"author":1,"featured_media":0,"parent":10476,"menu_order":12,"comment_status":"closed","ping_status":"closed","template":"","meta":{"footnotes":""},"class_list":["post-16048","page","type-page","status-publish","hentry"],"_links":{"self":[{"href":"https:\/\/istrazivacibiblijeuhrvatskoj.com\/blog\/wp-json\/wp\/v2\/pages\/16048","targetHints":{"allow":["GET"]}}],"collection":[{"href":"https:\/\/istrazivacibiblijeuhrvatskoj.com\/blog\/wp-json\/wp\/v2\/pages"}],"about":[{"href":"https:\/\/istrazivacibiblijeuhrvatskoj.com\/blog\/wp-json\/wp\/v2\/types\/page"}],"author":[{"embeddable":true,"href":"https:\/\/istrazivacibiblijeuhrvatskoj.com\/blog\/wp-json\/wp\/v2\/users\/1"}],"replies":[{"embeddable":true,"href":"https:\/\/istrazivacibiblijeuhrvatskoj.com\/blog\/wp-json\/wp\/v2\/comments?post=16048"}],"version-history":[{"count":27,"href":"https:\/\/istrazivacibiblijeuhrvatskoj.com\/blog\/wp-json\/wp\/v2\/pages\/16048\/revisions"}],"predecessor-version":[{"id":16269,"href":"https:\/\/istrazivacibiblijeuhrvatskoj.com\/blog\/wp-json\/wp\/v2\/pages\/16048\/revisions\/16269"}],"up":[{"embeddable":true,"href":"https:\/\/istrazivacibiblijeuhrvatskoj.com\/blog\/wp-json\/wp\/v2\/pages\/10476"}],"wp:attachment":[{"href":"https:\/\/istrazivacibiblijeuhrvatskoj.com\/blog\/wp-json\/wp\/v2\/media?parent=16048"}],"curies":[{"name":"wp","href":"https:\/\/api.w.org\/{rel}","templated":true}]}}