{"id":1907,"date":"2014-04-07T08:39:05","date_gmt":"2014-04-07T06:39:05","guid":{"rendered":"http:\/\/istrazivacibiblijeuhrvatskoj.com\/blog\/?page_id=1907"},"modified":"2017-02-09T11:50:16","modified_gmt":"2017-02-09T09:50:16","slug":"bozji-plan-za-covjeka","status":"publish","type":"page","link":"https:\/\/istrazivacibiblijeuhrvatskoj.com\/blog\/brosure\/bozji-plan-za-covjeka\/","title":{"rendered":"Bo\u017eji plan za \u010dovjeka"},"content":{"rendered":"<p><a href=\"https:\/\/istrazivacibiblijeuhrvatskoj.com\/blog\/wp-content\/uploads\/2014\/04\/532162_531718843577962_814494649_n.jpg\"><img loading=\"lazy\" decoding=\"async\" class=\"aligncenter size-full wp-image-1908\" src=\"https:\/\/istrazivacibiblijeuhrvatskoj.com\/blog\/wp-content\/uploads\/2014\/04\/532162_531718843577962_814494649_n.jpg\" alt=\"532162_531718843577962_814494649_n\" width=\"960\" height=\"640\" srcset=\"https:\/\/istrazivacibiblijeuhrvatskoj.com\/blog\/wp-content\/uploads\/2014\/04\/532162_531718843577962_814494649_n.jpg 960w, https:\/\/istrazivacibiblijeuhrvatskoj.com\/blog\/wp-content\/uploads\/2014\/04\/532162_531718843577962_814494649_n-300x200.jpg 300w\" sizes=\"auto, (max-width: 960px) 100vw, 960px\" \/><\/a><span style=\"color: #0000ff;\"><strong>Kroz 23 lekcije ovog posebnog Biblijskog te\u010daja upoznajte Bo\u017eji veli\u010danstveni plan spasenja ljudske rase.<\/strong><\/span><\/p>\n","protected":false},"excerpt":{"rendered":"<p>Kroz 23 lekcije ovog posebnog Biblijskog te\u010daja upoznajte Bo\u017eji veli\u010danstveni plan spasenja ljudske rase.<\/p>\n","protected":false},"author":1,"featured_media":0,"parent":4989,"menu_order":110,"comment_status":"open","ping_status":"closed","template":"","meta":{"footnotes":""},"class_list":["post-1907","page","type-page","status-publish","hentry"],"_links":{"self":[{"href":"https:\/\/istrazivacibiblijeuhrvatskoj.com\/blog\/wp-json\/wp\/v2\/pages\/1907","targetHints":{"allow":["GET"]}}],"collection":[{"href":"https:\/\/istrazivacibiblijeuhrvatskoj.com\/blog\/wp-json\/wp\/v2\/pages"}],"about":[{"href":"https:\/\/istrazivacibiblijeuhrvatskoj.com\/blog\/wp-json\/wp\/v2\/types\/page"}],"author":[{"embeddable":true,"href":"https:\/\/istrazivacibiblijeuhrvatskoj.com\/blog\/wp-json\/wp\/v2\/users\/1"}],"replies":[{"embeddable":true,"href":"https:\/\/istrazivacibiblijeuhrvatskoj.com\/blog\/wp-json\/wp\/v2\/comments?post=1907"}],"version-history":[{"count":3,"href":"https:\/\/istrazivacibiblijeuhrvatskoj.com\/blog\/wp-json\/wp\/v2\/pages\/1907\/revisions"}],"predecessor-version":[{"id":5001,"href":"https:\/\/istrazivacibiblijeuhrvatskoj.com\/blog\/wp-json\/wp\/v2\/pages\/1907\/revisions\/5001"}],"up":[{"embeddable":true,"href":"https:\/\/istrazivacibiblijeuhrvatskoj.com\/blog\/wp-json\/wp\/v2\/pages\/4989"}],"wp:attachment":[{"href":"https:\/\/istrazivacibiblijeuhrvatskoj.com\/blog\/wp-json\/wp\/v2\/media?parent=1907"}],"curies":[{"name":"wp","href":"https:\/\/api.w.org\/{rel}","templated":true}]}}