{"id":235,"date":"2013-09-06T15:52:57","date_gmt":"2013-09-06T13:52:57","guid":{"rendered":"http:\/\/istrazivacibiblijeuhrvatskoj.com\/blog\/?page_id=235"},"modified":"2015-03-20T08:12:32","modified_gmt":"2015-03-20T06:12:32","slug":"utjeha","status":"publish","type":"page","link":"https:\/\/istrazivacibiblijeuhrvatskoj.com\/blog\/traktati\/utjeha\/","title":{"rendered":"Utjeha"},"content":{"rendered":"<p style=\"text-align: center;\"><img loading=\"lazy\" decoding=\"async\" class=\"aligncenter size-full wp-image-291\" alt=\"Comfort01\" src=\"https:\/\/istrazivacibiblijeuhrvatskoj.com\/blog\/wp-content\/uploads\/2013\/09\/Comfort01.jpg\" width=\"640\" height=\"905\" srcset=\"https:\/\/istrazivacibiblijeuhrvatskoj.com\/blog\/wp-content\/uploads\/2013\/09\/Comfort01.jpg 640w, https:\/\/istrazivacibiblijeuhrvatskoj.com\/blog\/wp-content\/uploads\/2013\/09\/Comfort01-212x300.jpg 212w\" sizes=\"auto, (max-width: 640px) 100vw, 640px\" \/><\/p>\n<p style=\"text-align: center;\">\u201e<i><b>I obrisat \u0107e Bog svaku suzu s njihovih o\u010diju,<br \/>\ni vi\u0161e ne\u0107e biti smrti, ni tuge, ni vike, ni boli<br \/>\nne\u0107e vi\u0161e biti , jer prvo pro\u0111e .\u201c<\/b><\/i><br \/>\n(Otkr.21:4)<\/p>\n<p style=\"text-align: center;\"><img loading=\"lazy\" decoding=\"async\" class=\"aligncenter size-full wp-image-236\" alt=\"Comfort01\" src=\"https:\/\/istrazivacibiblijeuhrvatskoj.com\/blog\/wp-content\/uploads\/2013\/09\/Comfort01.png\" width=\"381\" height=\"281\" srcset=\"https:\/\/istrazivacibiblijeuhrvatskoj.com\/blog\/wp-content\/uploads\/2013\/09\/Comfort01.png 381w, https:\/\/istrazivacibiblijeuhrvatskoj.com\/blog\/wp-content\/uploads\/2013\/09\/Comfort01-300x221.png 300w\" sizes=\"auto, (max-width: 381px) 100vw, 381px\" \/><\/p>\n<p style=\"text-align: center;\"><i><b>KOJE RIJE\u010cI DONOSE UTJEHU?<\/b><\/i><\/p>\n<p style=\"text-align: justify;\">Ukoliko smo izgubili voljenu osobu na\u0161a bol poznata je Gospodinu.\u00a0Osje\u0107aji u gornjim rije\u010dima zasiguravaju nam da je Bog sveg Stvorenja itekako svjestan sve boli i da \u0107e&#8230; <i>obrisati svaku suzu u pravo vrijeme&#8230;<\/i>ni\u0161ta kroza \u0161to njegova stvorenja prolaze ne mo\u017ee promaknuti njegovoj budnoj pa\u017enji.\u00a0On zna!\u00a0Kao \u0161to se prorok Jeremija izrazio: \u201e<i>Milost je Gospodnja da nismo sasvim uni\u0161teni&#8230;Ponavlja se svako jutro. Vrlo je velika tvoja vjernost. Velim: Gospodin je moj dio; zato se ufam u njega.\u201c\u00a0<\/i>(Tu\u017e.3:22-24)\u00a0Da, mi mo\u017eemo imati nadu, jer On zaista ima samilost prema svom izmu\u010denom i jadnom stvorenju. (Rim.8:22)<\/p>\n<p style=\"text-align: justify;\">Iz po\u010detka mo\u017ee biti jako te\u0161ko pomiriti se s tim da voljene osobe vi\u0161e nema.\u00a0Mo\u017ee nam se \u010dak \u010diniti kao da se to uop\u0107e nije ni dogodilo, jer to prelazi mogu\u0107nosti na\u0161eg shva\u0107anja. Mogli bi smo re\u0107i \u201e<i>Ja to naprosto ne mogu shvatiti&#8230;da je vi\u0161e nikada ne\u0107u vidjeti.\u201c\u00a0<\/i>I mogli bi smo pitati \u201e<i>Za\u0161to Bo\u017ee? Gdje si sada? Za\u0161to si dopustio da se to dogodi?<i>\u201c<\/i> <\/i>Isusova prijateljica Marija postavila je Isusu sli\u010dno pitanje prema Ivanu 11:32.<\/p>\n<p style=\"text-align: justify;\">U tim trenutcima obi\u010dno su mnogi oko nas,na\u0161a obitelj, prijatelji i sve\u0107enik i koliko god da iskreno suosje\u0107aju s nama ipak mo\u017eda nisu u stanju pomo\u0107i nam razumjeti za\u0161to je Bog dozvolio taj gubitak.\u00a0Kako bi smo u potpunosti bili utje\u0161eni mi trebamo obja\u0161njenje- \u017eelimo dobiti odgovore na ta intrigantna pitanja.<\/p>\n<p style=\"text-align: center;\"><i><b>PO\u010cIVA U MIRU<\/b><\/i><\/p>\n<p style=\"text-align: justify;\">Prije nego \u0161to poku\u0161amo razumijeti za\u0161to Bog dozvoljava da se doga\u0111aju takvi tragi\u010dni gubitci jednostavna spoznaja da je On svjestan na\u0161e boli- da Bog voli sva svoja ljudska stvorenja- mo\u017ee nas donekle utje\u0161iti. Isto tako mo\u017eemo shvatiti da kao \u0161to bi svaki Otac pun ljubavi napravio, tako i On ustvari suosje\u0107a sa boli i \u017ealosti koje trpe njegova stvorenja.<\/p>\n<p><img loading=\"lazy\" decoding=\"async\" class=\"aligncenter size-full wp-image-239\" alt=\"Comfort02\" src=\"https:\/\/istrazivacibiblijeuhrvatskoj.com\/blog\/wp-content\/uploads\/2013\/09\/Comfort02.png\" width=\"436\" height=\"356\" srcset=\"https:\/\/istrazivacibiblijeuhrvatskoj.com\/blog\/wp-content\/uploads\/2013\/09\/Comfort02.png 436w, https:\/\/istrazivacibiblijeuhrvatskoj.com\/blog\/wp-content\/uploads\/2013\/09\/Comfort02-300x244.png 300w\" sizes=\"auto, (max-width: 436px) 100vw, 436px\" \/><\/p>\n<p style=\"text-align: justify;\">Njegova velika poruka utjehe za nas je da \u0107e \u201eu pravo vrijeme\u201c svi mrtvi biti probu\u0111eni u \u017eivot. Ovo dugo o\u010dekivano bu\u0111enje iz smrtnog sna razlog je za\u0161to koristimo frazu \u201epo\u010diva u miru\u201c i \u010dak porijeklo rije\u010di groblje zna\u010di \u201espava\u0107a soba ili mjesto\u201c. Imamo ovo razumijevanje zato \u0161to su Isus i drugi biblijski pisci govorili o smrti kao o snu nau\u010davaju\u0107i da \u0107e se mrtvi probuditi. (Ivan 11:11-14)\u00a0Isus je rekao da \u0107e \u201esvi koji su u grobovima izi\u0107i\u201c. Apostol Pavao je napisao da zbog toga \u0161to je Isus dao sebe kao otkupninu za sve Bog \u201e\u017eeli da se svi ljudi spase i do\u0111u do spoznaje istine\u201c(Ivan 5:28,29; 1.Tim.2:3-6)<\/p>\n<p><img loading=\"lazy\" decoding=\"async\" class=\"aligncenter size-full wp-image-240\" alt=\"Comfort03\" src=\"https:\/\/istrazivacibiblijeuhrvatskoj.com\/blog\/wp-content\/uploads\/2013\/09\/Comfort03.png\" width=\"321\" height=\"396\" srcset=\"https:\/\/istrazivacibiblijeuhrvatskoj.com\/blog\/wp-content\/uploads\/2013\/09\/Comfort03.png 321w, https:\/\/istrazivacibiblijeuhrvatskoj.com\/blog\/wp-content\/uploads\/2013\/09\/Comfort03-243x300.png 243w\" sizes=\"auto, (max-width: 321px) 100vw, 321px\" \/><\/p>\n<p style=\"text-align: justify;\">Zbog Isusove otkupne \u017ertve proces uskrsnu\u0107a donijet \u0107e ozdravljenje svakom slomljenom srcu kako se svi razdvojeni voljeni a postepeno bu\u0111eni iz smrtnog sna budu opet sjedinjavali.\u00a0Uzmi ovo k srcu dragi prijatelju, Bog je to obe\u0107ao. Ne\u0107emo zauvijek biti razdvojeni od na\u0161ih voljenih umrlih. Vidjet \u0107emo ih ponovno! Istina ova nada je u vjeri, ali to je vjera koja se mo\u017ee temeljiti na dobrom i zdravom razumijevanju i dokazana s mnogim odlomcima \u010dvrstih dokaza koje mo\u017eemo na\u0107i u Bibliji. (Hebr.11:1) Da \u0107e bu\u0111enje mrtvih biti realnost za cijelo \u010dovje\u010danstvo jednako je stvarno kao i \u010dinjenica da su oni ve\u0107 postojali u sada\u0161njem \u017eivotu.<\/p>\n<p style=\"text-align: justify;\">Netko bi mogao pitati \u201ekada \u0107e to biti i nisu li na\u0161i voljeni sada na nebu s Bogom?\u201c\u00a0Isusove vlastite rije\u010di \u0107e odgovoriti na ova pitanja kako \u0107emo vidjeti u nastavku, ali ipak priznajmo \u010dinjenicu da nas Biblija u\u010di da cijelo \u010dovje\u010danstvo spava u smrti, vjernici i nevjernici podjednako. Me\u0111utim zbog svoje vjere u uskrsnu\u0107e vjernici ne tuguju kao ostali koji nemaju nade. (1.Sol.4:13,14)\u00a0Radujemo se obe\u0107anom uskrsnu\u0107u a time i nadi koja je pru\u017eena svakome.\u00a0Kada se u potpunosti razumije ovo obe\u0107anje pru\u017ea najbolje zadovoljstvo i utjehu.<\/p>\n<p style=\"text-align: center;\"><img loading=\"lazy\" decoding=\"async\" class=\"aligncenter size-full wp-image-309\" alt=\"Comfort04b\" src=\"https:\/\/istrazivacibiblijeuhrvatskoj.com\/blog\/wp-content\/uploads\/2013\/09\/Comfort04b.png\" width=\"700\" height=\"485\" srcset=\"https:\/\/istrazivacibiblijeuhrvatskoj.com\/blog\/wp-content\/uploads\/2013\/09\/Comfort04b.png 700w, https:\/\/istrazivacibiblijeuhrvatskoj.com\/blog\/wp-content\/uploads\/2013\/09\/Comfort04b-300x207.png 300w\" sizes=\"auto, (max-width: 700px) 100vw, 700px\" \/><\/p>\n<p style=\"text-align: center;\"><b>ISUS JE ZAPLAKAO<\/b><\/p>\n<p style=\"text-align: justify;\">Najkra\u0107i redak u Bibliji nalazi se u Ivanu 11:35 gdje stoji: \u201cI Isus je zaplakao.\u201c\u00a0Za\u0161to je Isus ispustio suze? Bilo je to zato \u0161to je izgubio svog ljubljenog prijatelja Lazara, ali i zato \u0161to je duboko suosje\u0107ao sa o\u017ealo\u0161\u0107enom obitelji Lazara koja tugovala zbog njegove smrti. \u201eKad je Isus vidio kako pla\u010de ona i \u017didovi koji su do\u0161li s njom, bio je duboko dirnut i potresen.\u201c (Ivan 11:33) Isus je znao da se Lazar koji je tada bio u grobu sada odmara u smrtnom snu pa je stoga uputio ove utje\u0161ne rije\u010di Lazarovoj sestri: \u201eNato joj je Isus rekao: Brat \u0107e tvoj ustati . Marta mu je odvratila: Znam da \u0107e ustati o uskrsnu\u0107u u posljednji dan.\u201c (Ivan 11:23,24)\u00a0Nema sumnje u ono \u0161to je Marta ve\u0107 direktno nau\u010dila od Isusa- Ona je znala da je njen brat Lazar sada u smrtnom snu \u010dekaju\u0107i obe\u0107ano uskrsnu\u0107e i blagoslove koji \u0107e potom uslijediti.<\/p>\n<p><img loading=\"lazy\" decoding=\"async\" class=\"aligncenter size-full wp-image-256\" alt=\"Comfort05\" src=\"https:\/\/istrazivacibiblijeuhrvatskoj.com\/blog\/wp-content\/uploads\/2013\/09\/Comfort05.png\" width=\"467\" height=\"367\" srcset=\"https:\/\/istrazivacibiblijeuhrvatskoj.com\/blog\/wp-content\/uploads\/2013\/09\/Comfort05.png 467w, https:\/\/istrazivacibiblijeuhrvatskoj.com\/blog\/wp-content\/uploads\/2013\/09\/Comfort05-300x235.png 300w\" sizes=\"auto, (max-width: 467px) 100vw, 467px\" \/><\/p>\n<p>&nbsp;<\/p>\n<p><img loading=\"lazy\" decoding=\"async\" class=\"aligncenter size-full wp-image-257\" alt=\"Comfort06\" src=\"https:\/\/istrazivacibiblijeuhrvatskoj.com\/blog\/wp-content\/uploads\/2013\/09\/Comfort06.png\" width=\"319\" height=\"301\" srcset=\"https:\/\/istrazivacibiblijeuhrvatskoj.com\/blog\/wp-content\/uploads\/2013\/09\/Comfort06.png 319w, https:\/\/istrazivacibiblijeuhrvatskoj.com\/blog\/wp-content\/uploads\/2013\/09\/Comfort06-300x283.png 300w\" sizes=\"auto, (max-width: 319px) 100vw, 319px\" \/><\/p>\n<p style=\"text-align: center;\"><b>ALI ZA\u0160TO BO\u017dE?<\/b><\/p>\n<p style=\"text-align: justify;\">Vratimo se sada na pitanje: Ali za\u0161to je Bog dopustio da se to desi mom voljenom? Ovo pitanje je posebno bolno kada gubitak do\u0111e iznenada i to posebno kada je u pitanju netko mlad. Me\u0111utim u ovom pitanju je zapravo dio odgovora. Bog nije prouzro\u010dio da se to dogodi, ali je u svojoj mudrosti dopustio da \u010dovje\u010danstvo iskusi ishod grijeha, \u0161to u kona\u010dnici vodi do smrti. Kroz to iskustvo u\u010dimo mrziti posljedice grijeha i na koncu u\u010dimo ljubiti pravednost. (Ps.45:7)<\/p>\n<p style=\"text-align: justify;\">Apostol Pavao je napisao: <em>\u201eZato dakle kao \u0161to po grijehu jednoga do\u0111e osuda na sve ljude, tako i po pravdi jednoga do\u0111e na sve ljude opravdanje \u017eivota.\u201c<\/em> (Rim.5:12-18; 1.Kor.15:21,22) Upravo se u ovim retcima nalazi obe\u0107anje da \u0107e u odre\u0111eno vrijeme smrt biti izbrisana, zato \u0161to je Isus Krist kako bi zadovoljio bo\u017eansku pravdu dao svoj savr\u0161eni \u017eivot kao otkupninu za sve- Adama i njegovo potomstvo.<\/p>\n<p style=\"text-align: center;\"><b>DOPU\u0160TANJE ZLA<\/b><\/p>\n<p style=\"text-align: justify;\">Da li je \u010dovjek bio stvoren da bude poput robota, programiran da se samo pridr\u017eava pravila? Odgovor je ne, \u010dovjek je bio stvoren na sliku i priliku Boga- bio je savr\u0161en. (1.Moj.1:26,27)\u00a0Ova sli\u010dnost uklju\u010duje slobodu izbora. \u010covjek je bio stvoren sa slobodnom voljom, bi\u0107e sa sposobno\u0161\u0107u mi\u0161ljenja, procjene i izbora.Kada je stvorio Adama i Evu Bog je znao da im nedostaje \u201espoznaja dobra i zla.\u201c Drugim rije\u010dima nedostajalo im je iskustvo i nisu u potpunosti shva\u0107ali posljedice svojih postupaka. (1.Moj.2:17) Ovo vrlo lako mo\u017ee razumijeti svaki roditelj koji ka\u017ee svom djetetu: Ne diraj! Pe\u0107 je vru\u0107a. Budu\u0107i mu nedostaje iskustva dijete u potpunosti ne shva\u0107a opasnost. To ilustrira stanje \u010dovjeka. Danas Bog dopu\u0161ta ljudskoj obitelji da kolektivno iskusi posljedice svojih nesavr\u0161enih odluka dok \u017eive odvojeno od njegovih zakona. U ve\u0107ini slu\u010dajeva \u010dovekova nastojanja koja nisu u skladu sa Bo\u017ejim nacrtima vrlo \u010desto vode do zlog ishoda. Ali iskustvo sa grijehom i zlom pru\u017ea vrlo va\u017enu spoznaju o posljedicama neposlu\u0161nosti Bogu. Primjenjeno u budu\u0107nosti nakon uskrsnu\u0107a iz smrtnog sna to \u0107e znanje u\u00a0kona\u010dnici voditi \u010dovje\u010danstvo do toga da se dragovoljno ostavi grijeha i osvoji savr\u0161enstvo koje im je Stvoritelj prvobitno namjenio.<\/p>\n<p style=\"text-align: justify;\"><img loading=\"lazy\" decoding=\"async\" class=\"aligncenter size-full wp-image-262\" alt=\"Comfort07\" src=\"https:\/\/istrazivacibiblijeuhrvatskoj.com\/blog\/wp-content\/uploads\/2013\/09\/Comfort07.png\" width=\"369\" height=\"408\" srcset=\"https:\/\/istrazivacibiblijeuhrvatskoj.com\/blog\/wp-content\/uploads\/2013\/09\/Comfort07.png 369w, https:\/\/istrazivacibiblijeuhrvatskoj.com\/blog\/wp-content\/uploads\/2013\/09\/Comfort07-271x300.png 271w\" sizes=\"auto, (max-width: 369px) 100vw, 369px\" \/><\/p>\n<p style=\"text-align: justify;\">Stvarno mo\u017eemo vidjeti mudrost u Bo\u017ejem dopu\u0161tanju zla. Rimljanima 8:22 ka\u017ee da sve stvorenje zajedno uzdi\u0161e i da se mu\u010di sve do sada. To obja\u0161njava stanje u kojem se na\u0161lo cijelo \u010dovje\u010danstvo do\u017eivljavaju\u0107i tjeskobu grijeha o\u010dekuju\u0107i pritom oslobo\u0111enje od njega. To tako\u0111er obja\u0161njava i na\u0161a osobna bolna iskustva. Svatko od nas iz prve ruke u\u010di kroz iskustvo sa posljedicama grijeha. Ove te\u0161ke pouke ne\u0107e se ni izgubiti niti zaboraviti. (Prop.1:13)<\/p>\n<p style=\"text-align: justify;\"><img loading=\"lazy\" decoding=\"async\" class=\"aligncenter size-large wp-image-299\" alt=\"Comfort08\" src=\"https:\/\/istrazivacibiblijeuhrvatskoj.com\/blog\/wp-content\/uploads\/2013\/09\/Comfort08-1024x538.png\" width=\"640\" height=\"336\" srcset=\"https:\/\/istrazivacibiblijeuhrvatskoj.com\/blog\/wp-content\/uploads\/2013\/09\/Comfort08-1024x538.png 1024w, https:\/\/istrazivacibiblijeuhrvatskoj.com\/blog\/wp-content\/uploads\/2013\/09\/Comfort08-300x157.png 300w, https:\/\/istrazivacibiblijeuhrvatskoj.com\/blog\/wp-content\/uploads\/2013\/09\/Comfort08.png 1425w\" sizes=\"auto, (max-width: 640px) 100vw, 640px\" \/><\/p>\n<p style=\"text-align: center;\"><b>DOBRE VIJESTI<\/b><\/p>\n<p style=\"text-align: justify;\">A, sada dobre vijesti! Biblija doista u\u010di da je na\u0161e iskustvo sa grijehom, zlom i smrti gotovo pri kraju. Uskoro \u0107e cijelo \u010dovje\u010danstvo biti izbavljeno iz ovog zlog svijeta u \u201eKristovo Kraljevstvo\u201c. Biblija ka\u017ee da \u0107e On vladati tisu\u0107u godina. (Otkr.20:6) Njegova savr\u0161ena vladavina pru\u017eit \u0107e ljudima veliko iskustvo sa dobrom, sa savr\u0161enim i pravednim zakonima pod besprijekornim i \u010distim uvjetima. Prorok Izaija nam ka\u017ee da \u0107e tada <em>\u201ezemlja biti puna Gospodnjega spoznanja, kao \u0161to vode pokrivaju morsko dno.\u201c<\/em> (Iza.11:9) <i>\u201eI nitko ne\u0107e u\u010diti svojega sugra\u0111anina i svojega brata govore\u0107i: Spoznaj Gospodina, jer \u0107e me svi spoznati: od maloga do velikoga me\u0111u njima.\u201c<\/i> (Hebr.8:11) Uskrsnulo \u010dovje\u010danstvo tada opremljeno sa potpunom \u201espoznajom dobra i zla\u201c trebat \u0107e donijeti odluku. <i>\u201e\u017divot i smrt, blagoslov i prokletstvo (dobro i zlo) stavio sam preda te. Zato izaberi \u017eivot, da ostane\u0161 na \u017eivotu.\u201c<\/i> (5.Moj.30:19) Ova opomena prvobitno data prirodnom Izraelu jednako \u0107e vrijediti za svakog pojedinca u Bo\u017ejem Kraljevstvu. Velika ve\u0107ina \u010dovje\u010danstva vidjet \u0107e blagoslove poslu\u0161nosti i pravednosti i dobit \u0107e vje\u010dni \u017eivot ovdje na zemlji. Do kraja Kraljevstva pravednosti oni koji izaberu neposlu\u0161nost zavr\u0161it \u0107e u onome \u0161to Biblija naziva \u201edruga smrt\u201c (Otkr.20:14) To je smrt iz koje nema daljnjeg uskrsnu\u0107a. Ali hvala Bogu prema njegovom milosrdnom planu tih nepopravljivih ne\u0107e biti mnogo. Tada \u0107e se ispuniti Isusova molitva Bogu: <em>\u201eDo\u0111i Kraljevstvo tvoje! Budi volja tvoja; kako na nebu, tako i na zemlji!\u201c<\/em> (Mat.6:10)<\/p>\n<p style=\"text-align: center;\"><img loading=\"lazy\" decoding=\"async\" class=\"aligncenter size-full wp-image-300\" alt=\"Comfort09\" src=\"https:\/\/istrazivacibiblijeuhrvatskoj.com\/blog\/wp-content\/uploads\/2013\/09\/Comfort09.png\" width=\"640\" height=\"671\" srcset=\"https:\/\/istrazivacibiblijeuhrvatskoj.com\/blog\/wp-content\/uploads\/2013\/09\/Comfort09.png 640w, https:\/\/istrazivacibiblijeuhrvatskoj.com\/blog\/wp-content\/uploads\/2013\/09\/Comfort09-286x300.png 286w\" sizes=\"auto, (max-width: 640px) 100vw, 640px\" \/><\/p>\n<p style=\"text-align: center;\"><b>ON ZNA&#8230;.<\/b><\/p>\n<p style=\"text-align: justify;\">Kada se dogodi neka nesre\u0107a ili tragedija, bolest, ubojstvo ili smrt iz bilo kojeg razloga, istina je- Bog je to dopustio. Ali u isto vrijeme on suosje\u0107a u toj boli. S dopu\u0161tanjem zla tvoj sada\u0161nji gubitak je prema tome iskustvo kroz koje mora\u0161 pro\u0107i. Bog zna da dopu\u0161taju\u0107i grijeh i smrt kroz jedno razdoblje najbolje posti\u017ee dugoro\u010dne interese cijele ljudske obitelji. Me\u0111utim na\u0161 je Bog milosrdan i nije nas ostavio bez nade, obe\u0107anja i utjehe. Od ranih zraka svjetlosti u knjizi Postanka (1.Mojsijeva) pa do slavnog ishoda u Otkrivenju cijela Biblija govori o kraju bolesti i tuge, grijeha i smrti. (Iza.35 ; Iza.2:2-4) Na ovo slavno vrijeme ukazuju Djela 3:21 kao <em>\u201evrijeme obnove svega o \u010demu je Bog govorio preko svojih svetih proroka iz starog doba.\u201c<\/em>\u00a0Bo\u017eja nadahnuta Rije\u010d obe\u0107ava da \u0107e On vratiti savr\u0161ene uvjete ovdje na Zemlju. Zato \u0161to je to njegova rije\u010d, njegova zakletva mo\u017eemo biti sigurni da \u0107e se ispuniti. (Iza.55:11)<\/p>\n<p style=\"text-align: center;\"><img loading=\"lazy\" decoding=\"async\" class=\"aligncenter size-full wp-image-301\" alt=\"Comfort10\" src=\"https:\/\/istrazivacibiblijeuhrvatskoj.com\/blog\/wp-content\/uploads\/2013\/09\/Comfort10.png\" width=\"640\" height=\"519\" srcset=\"https:\/\/istrazivacibiblijeuhrvatskoj.com\/blog\/wp-content\/uploads\/2013\/09\/Comfort10.png 640w, https:\/\/istrazivacibiblijeuhrvatskoj.com\/blog\/wp-content\/uploads\/2013\/09\/Comfort10-300x243.png 300w\" sizes=\"auto, (max-width: 640px) 100vw, 640px\" \/><\/p>\n<p style=\"text-align: center;\"><b>IZLIJE\u010cENI OD BOLI<\/b><\/p>\n<p style=\"text-align: justify;\">Koliko god da je tvoj gubitak bolan i razaraju\u0107 ne bi trebao smatrati da si ti izdvojen slu\u010daj. Niti bi trebali o\u010dekivati izvanrednu za\u0161titu, da nas se zakloni od iskustava s tugom koja su zajedni\u010dka svima. \u010cak oni koji su bili najbli\u017ei Isusu trpjeli su od bolesti i na koncu umrli poput Lazara. A neki su \u010dak poput Stjepana bili i mu\u010deni jednostavno zato \u0161to su govorili i nau\u010davali o Isusu. (Djela 7:59,60) Zato neka bi smo bili zahvalni Bogu za ono vrijeme koje smo imali priliku provesti s na\u0161im voljenima, uzimaju\u0107i k srcu spoznaju da je On predvidio vrijeme za na\u0161e ponovno sjedinjenje s njima. Ajme, kada do\u0111e to vrijeme osvrnut \u0107e\u0161 se na sada\u0161nju patnju i bol kao na jedan trenutak u dalekoj pro\u0161losti i bit \u0107e\u0161 izlije\u010den od sada\u0161njih \u017ealosti. I to je Njegovo obe\u0107anje. (1.Moj.22:16-18)<\/p>\n<p style=\"text-align: justify;\">Te su misli bile istaknute u Isusovom umu jo\u0161 davno prije kada je zapo\u010deo svoju zemaljsku slu\u017ebu citiraju\u0107i ove rije\u010di utjehe i nade: <em>\u201eDuh svemogu\u0107ega Gospodina po\u010diva na meni. Jer me pomazao Gospodin, poslao me da donesem poniznima veselu vijest. On me poslao da iscijelim slomljena srca, da navijestim zarobljenima slobodu, vezanima <\/em>(koji su zarobljeni u grobu)<em> otkupljenje.\u201c<\/em> (Iza.61:1)<\/p>\n<p style=\"text-align: center;\"><img loading=\"lazy\" decoding=\"async\" class=\"aligncenter size-full wp-image-302\" alt=\"Comfort11\" src=\"https:\/\/istrazivacibiblijeuhrvatskoj.com\/blog\/wp-content\/uploads\/2013\/09\/Comfort11.png\" width=\"640\" height=\"640\" srcset=\"https:\/\/istrazivacibiblijeuhrvatskoj.com\/blog\/wp-content\/uploads\/2013\/09\/Comfort11.png 640w, https:\/\/istrazivacibiblijeuhrvatskoj.com\/blog\/wp-content\/uploads\/2013\/09\/Comfort11-150x150.png 150w, https:\/\/istrazivacibiblijeuhrvatskoj.com\/blog\/wp-content\/uploads\/2013\/09\/Comfort11-300x300.png 300w\" sizes=\"auto, (max-width: 640px) 100vw, 640px\" \/><\/p>\n<p style=\"text-align: justify;\">U svojoj glasovitoj propovjedi na gori Isus je izrekao ove ubla\u017euju\u0107e rije\u010di: <i>\u201eBla\u017eeni \u017ealosni! Oni \u0107e se utje\u0161iti. Bla\u017eeni krotki! Oni \u0107e posjedovati zemlju. Bla\u017eeni koji gladuju i \u017ee\u0111aju pravde! Oni \u0107e se nasititi.\u201c<\/i> (Mat.5:4-6)<\/p>\n<p style=\"text-align: justify;\">Nadamo se da je ova poruka na neki na\u010din bila utje\u0161na za vas i da ste dobili neke odgovore, pokazuju\u0107i da postoji plan za budu\u0107i trajan i sretan \u017eivot. Bo\u017eji plan odvija se upravo sada i vi ste u njemu. U sredi\u0161tu tog plana je Isus Krist, negov \u017eivot, smrt i uskrsnu\u0107e. Autor tog plana njegov je nebeski Otac i on \u0107e sigurno uspjeti. \u017delimo izraziti na\u0161u iskrenu su\u0107ut zbog va\u0161eg gubitka. Svi mi kao ljudska obitelj znamo koliko te emocije mogu rastu\u017eiti srce dok se nosimo s takvim gubitcima. Molimo vas budite uvjereni da \u0107e va\u0161a bol biti vi\u0161e nego nadokna\u0111ena u danima koji dolaze. <i>\u201eOtkupljeni od Gospodina vratit \u0107e se po njemu i do\u0107i \u0107e u Sion pjevaju\u0107i. Glavu \u0107e njihovu obasjavati vje\u010dna radost. Veselje i radost prate ih. Briga i uzdisanje bje\u017ee.\u201c<\/i> (Iza.35:10)<\/p>\n<p style=\"text-align: justify;\"><img loading=\"lazy\" decoding=\"async\" class=\"alignleft size-full wp-image-303\" alt=\"Comfort12\" src=\"https:\/\/istrazivacibiblijeuhrvatskoj.com\/blog\/wp-content\/uploads\/2013\/09\/Comfort12.png\" width=\"461\" height=\"549\" srcset=\"https:\/\/istrazivacibiblijeuhrvatskoj.com\/blog\/wp-content\/uploads\/2013\/09\/Comfort12.png 461w, https:\/\/istrazivacibiblijeuhrvatskoj.com\/blog\/wp-content\/uploads\/2013\/09\/Comfort12-251x300.png 251w\" sizes=\"auto, (max-width: 461px) 100vw, 461px\" \/><\/p>\n<p style=\"text-align: justify;\">U toku je prijevod na hrvatski kr\u0161\u0107anskog klasika, knjige pod naslovom <b>Bo\u017eanski plan o vjekovima<\/b>. Budite slobodni obratiti nam se za primjerak te knjige i predbilje\u017eiti se na na\u0161oj web stranici koja je ni\u017ee navedena naravno ukoliko \u017eelite nau\u010diti ne\u0161to vi\u0161e o Bo\u017ejem planu za ljudsku obitelj.<\/p>\n<p style=\"text-align: center;\"><strong>Istra\u017eiva\u010di Biblije u Hrvatskoj<\/strong><br \/>\ninfo@istrazivaciBiblijeuHrvatskoj.com<br \/>\nwww.istrazivaciBiblijeuHrvatskoj.com<\/p>\n","protected":false},"excerpt":{"rendered":"<p>\u201eI obrisat \u0107e Bog svaku suzu s njihovih o\u010diju, i vi\u0161e ne\u0107e biti smrti, ni tuge, ni vike, ni boli ne\u0107e vi\u0161e biti , jer prvo pro\u0111e .\u201c (Otkr.21:4) KOJE RIJE\u010cI DONOSE UTJEHU? Ukoliko smo izgubili voljenu osobu na\u0161a bol &hellip; <a href=\"https:\/\/istrazivacibiblijeuhrvatskoj.com\/blog\/traktati\/utjeha\/\">Continue reading <span class=\"meta-nav\">&rarr;<\/span><\/a><\/p>\n","protected":false},"author":1,"featured_media":0,"parent":1229,"menu_order":4,"comment_status":"open","ping_status":"closed","template":"","meta":{"footnotes":""},"class_list":["post-235","page","type-page","status-publish","hentry"],"_links":{"self":[{"href":"https:\/\/istrazivacibiblijeuhrvatskoj.com\/blog\/wp-json\/wp\/v2\/pages\/235","targetHints":{"allow":["GET"]}}],"collection":[{"href":"https:\/\/istrazivacibiblijeuhrvatskoj.com\/blog\/wp-json\/wp\/v2\/pages"}],"about":[{"href":"https:\/\/istrazivacibiblijeuhrvatskoj.com\/blog\/wp-json\/wp\/v2\/types\/page"}],"author":[{"embeddable":true,"href":"https:\/\/istrazivacibiblijeuhrvatskoj.com\/blog\/wp-json\/wp\/v2\/users\/1"}],"replies":[{"embeddable":true,"href":"https:\/\/istrazivacibiblijeuhrvatskoj.com\/blog\/wp-json\/wp\/v2\/comments?post=235"}],"version-history":[{"count":20,"href":"https:\/\/istrazivacibiblijeuhrvatskoj.com\/blog\/wp-json\/wp\/v2\/pages\/235\/revisions"}],"predecessor-version":[{"id":520,"href":"https:\/\/istrazivacibiblijeuhrvatskoj.com\/blog\/wp-json\/wp\/v2\/pages\/235\/revisions\/520"}],"up":[{"embeddable":true,"href":"https:\/\/istrazivacibiblijeuhrvatskoj.com\/blog\/wp-json\/wp\/v2\/pages\/1229"}],"wp:attachment":[{"href":"https:\/\/istrazivacibiblijeuhrvatskoj.com\/blog\/wp-json\/wp\/v2\/media?parent=235"}],"curies":[{"name":"wp","href":"https:\/\/api.w.org\/{rel}","templated":true}]}}