{"id":3488,"date":"2014-09-10T07:27:36","date_gmt":"2014-09-10T05:27:36","guid":{"rendered":"http:\/\/istrazivacibiblijeuhrvatskoj.com\/blog\/?page_id=3488"},"modified":"2017-08-05T08:26:01","modified_gmt":"2017-08-05T06:26:01","slug":"uvodna-rijec-autora","status":"publish","type":"page","link":"https:\/\/istrazivacibiblijeuhrvatskoj.com\/blog\/knige\/blizu-je-vrijeme\/uvodna-rijec-autora\/","title":{"rendered":"UVODNA RIJEC AUTORA"},"content":{"rendered":"<p style=\"text-align: center;\"><strong> \u201eBlizu je vrijeme\u201d<\/strong><\/p>\n<p style=\"text-align: center;\">UVODNA RIJE\u010c AUTORA<\/p>\n<p style=\"text-align: justify;\">PRVO IZDANJE ovog sveska bilo je dano javnosti A.D. 1889. Od tada je jedno izdanje izlazilo za drugim na razli\u010ditim jezicima, sve do sada je vi\u0161e od milijun i pol primjeraka u rukama ljudi. Te su brojke zapanjuju\u0107e posebno kada se uzme u obzir koliko malo ljudi danas ima bilo kakvu vjeru u Bibliju kao Bo\u017eansko Otkrivenje, i koliko od onih koji imaju vjeru u Bibliju imaju cijenjenje proro\u010danstva i kronologije \u2013 posebno Biblijske kronologije i Biblijske povijesti svijeta.<\/p>\n<p style=\"text-align: justify;\">Autor i izdava\u010di imaju veliki razlog za radost u dokazima koji neprestano pristi\u017eu da se ovaj Svezak pokazao veoma korisnim Bo\u017ejem narodu u prou\u010davanju Biblije u svakoj zemlji \u2013 razvrstavaju\u0107i poruku Gospodinove rije\u010di pod razli\u010ditim naslovima i klasifikacijama korisnima istra\u017eiva\u010du. Posebno smo \u010duli da su mnogi bili blagoslovljeni u svom prou\u010davanju na\u010dina Drugog Adventa \u2013 u Biblijskom dokazu izne\u0161enom u ovom svesku da na\u0161 Gospodin vi\u0161e ne\u0107e do\u0107i na ovu zemlju kao \u010dovjek, budu\u0107i da je u potpunosti ispunio svoj zadatak kao ljudsko bi\u0107e kada je milo\u0161\u0107u Bo\u017ejom okusio smrt za svakog \u010dovjeka na Kalvariji. \u010citatelju je skrenuta pa\u017enja na tekstove koji dokazuju da je na\u0161 Gospodin sada proslavljen s desna Ocu i da \u0107e uskoro postati Kralj svijeta, \u0161to se pokazalo korisnim mnogima kako njihova pisma potvr\u0111uju.<\/p>\n<p style=\"text-align: justify;\">Ovaj Svezak ne pola\u017ee pravo na nepogre\u0161ivost, niti na bilo kakvo izravno nadahnu\u0107e od Boga u tuma\u010denju Njegove Rije\u010di. Ba\u0161 naprotiv on tvrdi da je Biblija Bo\u017eansko Otkrivenje. Njegov je cilj bio razvrstati Biblijske dokaze i ponuditi prijedloge s obzirom na njihovo zna\u010denje.<\/p>\n<p style=\"text-align: justify;\">Bave\u0107i se s predmetom koji je toliko slo\u017een da su ga drugi veoma rijetko taknuli, ne treba se smatrati \u010dudnim ako se neki prijedlozi dani u ovom Svesku nisu ispunili s apsolutnom to\u010dno\u0161\u0107u sve do slova. Me\u0111utim autor, izdava\u010di, i tisu\u0107e \u010ditatelja ovog Sveska se ne srame onog \u0161to je predstavljeno, i jo\u0161 uvijek ga uru\u010duju svima koji se zanimaju za prou\u010davanje Biblije \u2013 kao vrlo zanimljiv i od velike pomo\u0107i u razumijevanju Gospodinove Rije\u010di.<\/p>\n<p style=\"text-align: justify;\">Biblijska kronologija ovdje predstavljena pokazuje da je \u0161est velikih tisu\u0107ugodi\u0161njih Dana po\u010dev s Adamom zavr\u0161ilo, i da je Veliki Sedmi Dan, tisu\u0107u godina Kristove vladavine, zapo\u010deo 1873. Doga\u0111aji posljednjih 43 godine, a za koje ovaj Svezak tvrdi da su po\u010detak Milenija, mi jo\u0161 uvijek nalazimo da su u potpunom skladu s Biblijskim proro\u010danstvima, kao \u0161to je ovdje izneseno. Tijekom tih 43 godine, bili su ostvareni gotovo svi izumi na\u0161ih dana. \u0160iva\u0107a je ma\u0161ina kao prva po\u010dela dosizati svoj vrhunac prije 43 godine. Od tada, imamo sve vrste poljoprivredne mehanizacije i oru\u0111a, i radionica, trgovina, tvornica i ku\u0107nih pogodnosti, i obilje jeftinih od \u010dovjeka napravljenih izuma. Sve to skra\u0107uje sate rada i ukida \u201eznoj lica\u201c, a za kojeg Biblija ka\u017ee da obilje\u017eava prokletstvo.<\/p>\n<p style=\"text-align: justify;\">Mo\u017eemo s potpunom sigurno\u0161\u0107u re\u0107i da je u tih 43 godine, svijet pove\u0107ao svoje bogatstvo za tisu\u0107u puta. I kad se sjetimo da iza tih 43 godine le\u017ei ukupno \u0161est tisu\u0107a godina ljudskog nastojanja, \u010dini se da je gotovo \u010dudo ono \u0161to svijet ostvaruje tisu\u0107u puta vi\u0161e nego u prethodnih \u0161est tisu\u0107a godina u posljednjih 43 godine. Zasigurno to potvr\u0111uje tvrdnju ovog Sveska da smo u\u0161li u veliki Sedmi dan, i da je ono \u0161to sada kao ljudska rasa do\u017eivljavamo samo sjena daleko ve\u0107ih blagoslova koji imaju do\u0107i \u2013 kada sunce pravednosti izi\u0111e sa ozdravljenjem na svojim zracima i rastjera svu tamu, neznanje, i praznovjerje svijeta!<\/p>\n<p style=\"text-align: justify;\">Ovaj Svezak navodi ono \u0161to je njegov autor propovijedao u proteklih 40 godina, da su \u201eVremena neznabo\u017eaca\u201c kronolo\u0161ki zavr\u0161ila krajem A.D. 1914. Izraz \u201eVremena neznabo\u017eaca\u201c, u biblijskoj upotrebi ozna\u010dava godine, ili vremensko razdoblje, u kojem je Neznabo\u017ea\u010dkim narodima bilo dopu\u0161teno da upravljaju, nakon oduzimanja predod\u017ebenog kraljevstva od prirodnog Izraela, ispunjavaju\u0107i tako jaz izme\u0111u tog doga\u0111aja i uspostave Bo\u017ejeg kraljevstva u rukama Mesije \u2013 \u201eonog koji ima pravo.\u201c (Ezek. 21:27)<\/p>\n<p style=\"text-align: justify;\">Mi naravno nismo 1889. mogli znati da li \u0107e datum 1914, tako jasno ozna\u010den u Bibliji kao kraj Neznabo\u017ea\u010dkog prava mo\u0107i ili dopu\u0161tanja da vladaju svijetom, zna\u010diti da \u0107e oni tada biti u potpunosti bez mo\u0107i ili da njihovo pravo istje\u010de, i da treba po\u010deti njihovo protjerivanje. Mi razabiremo da je ovo potonje Gospodinov program; i ve\u0107 u kolovozu 1914. Neznabo\u017ea\u010dka kraljevstva na koja se ukazuje u proro\u010danstvu po\u010dela su svoju sada\u0161nju veliku borbu, koja \u0107e prema Bibliji, kulminirati s potpunim svrgavanjem svih ljudskih vladavina, utiru\u0107i put za potpunu uspostavu Kraljevstva Bo\u017ejeg dragog Sina.<\/p>\n<p style=\"text-align: justify;\">Mi nismo u stanju vidjeti \u0161to je iza zavjese; mi nismo u stanju poznavati stvari koje napreduju pod upravom na\u0161eg slavnog Gospodina i \u010dlanova Njegove Crkve koji su ve\u0107 proslavljeni. Na\u0161e je mi\u0161ljenje da se Gospodin na neki na\u010din upli\u0107e u stvari svijeta kao \u0161to nije \u010dinio u prehodnim razdobljima. Mi znamo da veliko Vrijeme Nevolje, koja je ve\u0107 po\u010dela, veoma jako odgovara Bo\u017eanskokj izjavi \u0161to se ti\u010de vremena i okolnosti oko uspostave Mesijinog Kraljevstva. Sam nas Gospodin obavje\u0161tava da \u0107e se u vrijeme kada On uzme u svoje ruke svoju Mo\u0107 i vlast, narodi razbjesniti i do\u0107i \u0107e Bo\u017eanski gnjev. Malo kasnije do\u0107i \u0107e vrijeme za su\u0111enje mrtvima, i davanje nagrade Bo\u017ejim slugama, malima i velikima, vode\u0107i u kona\u010dnici do uni\u0161tenja nepopravljivih, koji \u0107e iskazivati iskvaruju\u0107i utjecaj na zemlji. (Otkr.21:8)<\/p>\n<p style=\"text-align: justify;\">Ljudi \u0161irom svijeta znali su za o\u010dekivanja Istra\u017eiva\u010da Biblije \u0161to se ti\u010de godine 1914; i kada se toliko izvanredan rat kao \u0161to je ovaj sada otrgnuo, kada su vjetrovi borbe po\u010deli puhati s takvom \u017eestinom i razaranjem, tisu\u0107e su se sjetile \u0161to su \u010duli i \u010ditali glede kraja Vremena Neznabo\u017eaca. Tisu\u0107e su danas po\u010dele potpunije cijeniti vremena u kojima \u017eivimo. Utjecaj je veoma koristan i nadahnjuju\u0107. Shva\u0107anje da smo u Gospodinovom danu i da \u0107e ubrzo svi Njegovi sveti biti sakupljeni k njemu kroz promjenu putem uskrsnu\u0107a, ima stimuliraju\u0107i i ohrabruju\u0107i utjecaj na Istra\u017eiva\u010de Biblije, odvajaju\u0107i ih od svijeta i njegovih strahova i ambicija i usredoto\u010duju\u0107i njihove o\u010di na Krunu \u017divota, koju Gospodin \u010duva za one koji ga najvi\u0161e vole.<\/p>\n<p style=\"text-align: justify;\">Autor priznaje da je u ovoj knjizi predstavio razmi\u0161ljanje da Gospodinovi sveti mogu o\u010dekivati da budu s Njim u slavi s krajem Vremena Neznabo\u017eaca. To je prirodna pogre\u0161ka u koju smo upali, ali Gospodin ju je prevladao za blagoslov svog naroda. Misao da je Crkva trebala biti sakupljena u slavu prije listopada 1914, zacijelo je imala vrlo stimuliraju\u0107i i posve\u0107uju\u0107i utjecaj na tisu\u0107e, koji prema tome mogu hvaliti Gospodina \u2013 \u010dak i za pogre\u0161ku. Mnogi se zaista mogu pokazati zahvalnima Gospodinu da vrhunac nade Crkve nije bio dosegnut u vrijeme u koje smo to o\u010dekivali; i da mi kao Gospodinov narod imamo daljnje Prilike za usavr\u0161avanje svetosti, i da budemo sudionici s na\u0161im U\u010diteljem u daljnjem predstavljanju Njegove poruke ljudima.<\/p>\n<p style=\"text-align: justify;\">Na\u0161a pogre\u0161ka o\u010digledno nije bila s obzirom na zavr\u0161avanje Vremena Neznabo\u017eaca; mi smo me\u0111utim izvukli pogre\u0161ne zaklju\u010dke koji nisu ovla\u0161teni Rije\u010di Gospodinovom. Mi smo vidjeli u Bibliji izvjesne paralele izme\u0111u \u017didovskog doba i Evan\u0111eoskog doba. Mi smo trebali zapaziti da se te paralele odnose na uni\u0161tenje nominalnih sistema u oba slu\u010daja, a da ne ukazuju na vrijeme proslavljenja Novog stvorenja. Ovo \u0107e obja\u0161njenje pomo\u0107i \u010ditatelju dok bude prou\u010davao \u201eBLIZU JE VRIJEME.\u201c Mi ne sumnjamo da \u0107e veliki blagoslovi koji se mnogi od nas dobili u pro\u0161losti nastaviti pritjecati kroz Svezak tisu\u0107ama drugih. Stoga s time idu i molitve autora.<\/p>\n<p style=\"text-align: right;\">Charles T. Russell<\/p>\n<p style=\"text-align: justify;\">Brooklyn N.Y. 1.<br \/>\nlistopada 1916<\/p>\n<p style=\"text-align: justify;\">\n","protected":false},"excerpt":{"rendered":"<p>\u201eBlizu je vrijeme\u201d UVODNA RIJE\u010c AUTORA PRVO IZDANJE ovog sveska bilo je dano javnosti A.D. 1889. Od tada je jedno izdanje izlazilo za drugim na razli\u010ditim jezicima, sve do sada je vi\u0161e od milijun i pol primjeraka u rukama ljudi. &hellip; <a href=\"https:\/\/istrazivacibiblijeuhrvatskoj.com\/blog\/knige\/blizu-je-vrijeme\/uvodna-rijec-autora\/\">Continue reading <span class=\"meta-nav\">&rarr;<\/span><\/a><\/p>\n","protected":false},"author":1,"featured_media":0,"parent":3480,"menu_order":5,"comment_status":"open","ping_status":"closed","template":"","meta":{"footnotes":""},"class_list":["post-3488","page","type-page","status-publish","hentry"],"_links":{"self":[{"href":"https:\/\/istrazivacibiblijeuhrvatskoj.com\/blog\/wp-json\/wp\/v2\/pages\/3488","targetHints":{"allow":["GET"]}}],"collection":[{"href":"https:\/\/istrazivacibiblijeuhrvatskoj.com\/blog\/wp-json\/wp\/v2\/pages"}],"about":[{"href":"https:\/\/istrazivacibiblijeuhrvatskoj.com\/blog\/wp-json\/wp\/v2\/types\/page"}],"author":[{"embeddable":true,"href":"https:\/\/istrazivacibiblijeuhrvatskoj.com\/blog\/wp-json\/wp\/v2\/users\/1"}],"replies":[{"embeddable":true,"href":"https:\/\/istrazivacibiblijeuhrvatskoj.com\/blog\/wp-json\/wp\/v2\/comments?post=3488"}],"version-history":[{"count":1,"href":"https:\/\/istrazivacibiblijeuhrvatskoj.com\/blog\/wp-json\/wp\/v2\/pages\/3488\/revisions"}],"predecessor-version":[{"id":3489,"href":"https:\/\/istrazivacibiblijeuhrvatskoj.com\/blog\/wp-json\/wp\/v2\/pages\/3488\/revisions\/3489"}],"up":[{"embeddable":true,"href":"https:\/\/istrazivacibiblijeuhrvatskoj.com\/blog\/wp-json\/wp\/v2\/pages\/3480"}],"wp:attachment":[{"href":"https:\/\/istrazivacibiblijeuhrvatskoj.com\/blog\/wp-json\/wp\/v2\/media?parent=3488"}],"curies":[{"name":"wp","href":"https:\/\/api.w.org\/{rel}","templated":true}]}}