{"id":554,"date":"2013-11-05T13:59:46","date_gmt":"2013-11-05T11:59:46","guid":{"rendered":"http:\/\/istrazivacibiblijeuhrvatskoj.com\/blog\/?page_id=554"},"modified":"2016-12-15T08:48:30","modified_gmt":"2016-12-15T06:48:30","slug":"studija-4","status":"publish","type":"page","link":"https:\/\/istrazivacibiblijeuhrvatskoj.com\/blog\/knige\/bozanski-plan-o-vjekovima\/studija-4\/","title":{"rendered":"STUDIJA 4"},"content":{"rendered":"<p><b>A65<\/b><\/p>\n<p align=\"center\"><span style=\"color: #0000ff;\"><b>STUDIJA 4<\/b><\/span><\/p>\n<p align=\"center\"><b>EPOHE I DOBA OZNA\u010cENE U RAZVOJU<br \/>\nBO\u017dANSKOG PLANA<\/b><\/p>\n<p style=\"text-align: justify;\"><b>Bo\u017eji plan definitivan i sustavan- Tri velike epohe svjetske povijesti- Njihova razli\u010dita obilje\u017eja- \u201eZemlja ostaje zauvijek\u201c- Svijet koji \u0107e do\u0107i, Nova nebesa i Nova zemlja- Podrazdjeli ovih velikih epoha- Tako jasno vidimo va\u017ena obilje\u017eja Bo\u017ejeg plana- Prepoznati red otkriva sklad- Ispravno slu\u017eenje s Rije\u010dju Istine.<\/b><\/p>\n<p style=\"text-align: justify;\">Poput nekih koji u neznanju pogre\u0161no prosu\u0111uju vje\u0161tinu i mudrost velikog arhitekte i graditelja po njegovom nedovr\u0161enom djelu, tako isto i mnogi sada u neznanju pogre\u0161no prosu\u0111uju Boga po njegovom nedovr\u0161enom djelu; ali kada se grube skele zla koje je bilo dopu\u0161teno za \u010dovjekovo odgajanje i koje \u0107e se na koncu pokazati za njegovo dobro, uklone i kada se sme\u0107e u\u017easa o\u010disti, Bo\u017eje dovr\u0161eno djelo univerzalno \u0107e objaviti njegovu beskona\u010dnu mudrost i snagu; i biti \u0107e vidljivo da su njegovi planovi u skladu s njegovom slavnom osobno\u0161\u0107u.<\/p>\n<p style=\"text-align: justify;\">S obzirom da nam Bog govori da on ima definitivno odre\u0111en naum, i da \u0107e svi njegovi naumi biti ostvareni, prili\u010di nam kao njegovoj djeci da se marljivo raspitujemo koji su to planovi, kako bi smo se na\u0161li u harmoniji s njima. Zapazi kako Jehova odlu\u010dno potvr\u0111uje odre\u0111enost svog nauma: \u201eZakleo se Jehova nad vojskama: Zaista, kako sam zamislio, tako \u0107e se dogoditi i kako sam odlu\u010dio tako \u0107e se zbiti.\u201c \u201eJer Jehova nad vojskama donio je odluku \u2013 tko je mo\u017ee osujetiti?\u201c \u201eSjetite se &#8230;da sam ja Bog i da nema drugoga Boga, niti ikoga tko bi mi sli\u010dan bio!\u201c &#8230;\u201cJa ka\u017eem: Naum \u0107e se moj ostvariti <b>[A66]<\/b> i u\u010dinit \u0107u sve \u0161to \u017eelim\u201c&#8230; \u201eIzrekao sam naum svoj, i ispunit \u0107u ga. \u0160to sam naumio, to \u0107u i u\u010diniti.\u201c (Iza.14:24-27; 46:9-11) Stoga, koliko god nasumi\u010dno ili tajanstveno se ljudima \u010dinilo bo\u017eje postupanje s \u010dovjekom, oni koji vjeruju svjedo\u010danstvu njegove rije\u010di moraju priznati da Njegov izvorni i nepromjenjivi plan i u pro\u0161losti i sada sustavno napreduje prema svom zavr\u0161etku.<\/p>\n<p style=\"text-align: justify;\">Dok mase \u010dovje\u010danstva tapkaju u tami neznanja i moraju \u010dekati na stvarne razvoje Bo\u017ejeg plana prije nego shvate slavnu osobnost Velikog arhitekte, prednost je Bo\u017ejeg dijeteta da vidi vjerom i svijetlom njegove svjetiljke prore\u010denu slavu budu\u0107nosti, i da stoga cijeni ono \u0161to bi ina\u010de za nj bili tajanstveni postupci pro\u0161losti i sada\u0161njosti. Stoga kao zainteresirani Bo\u017eji sinovi, i nasljednici obe\u0107anog nasljedstva, obra\u0107amo se rije\u010di na\u0161eg Oca kako bi smo razumijeli njegove naume iz tamo datih planova i specifikacija. Tamo u\u010dimo da se Bo\u017eji plan glede \u010dovjeka prote\u017ee kroz tri velika vremenska perioda po\u010dev\u0161i s \u010dovjekovim stvaranjem i dose\u017eu\u0107i u bezgrani\u010dnu budu\u0107nost. Petar i Pavao nazivaju te periode kao \u201etri svijeta\u201c a koje prestavljamo u sljede\u0107em dijagramu.<\/p>\n<p align=\"center\"><b>Velike Epohe nazvane \u201eSvjetovi\u201c<\/b><\/p>\n<p><img loading=\"lazy\" decoding=\"async\" class=\"aligncenter size-full wp-image-567\" alt=\"Page66\" src=\"https:\/\/istrazivacibiblijeuhrvatskoj.com\/blog\/wp-content\/uploads\/2013\/11\/Page66.jpg\" width=\"1060\" height=\"380\" srcset=\"https:\/\/istrazivacibiblijeuhrvatskoj.com\/blog\/wp-content\/uploads\/2013\/11\/Page66.jpg 1060w, https:\/\/istrazivacibiblijeuhrvatskoj.com\/blog\/wp-content\/uploads\/2013\/11\/Page66-300x107.jpg 300w, https:\/\/istrazivacibiblijeuhrvatskoj.com\/blog\/wp-content\/uploads\/2013\/11\/Page66-1024x367.jpg 1024w\" sizes=\"auto, (max-width: 1060px) 100vw, 1060px\" \/><\/p>\n<p style=\"text-align: justify;\">Ove tri velike epohe predstavljaju tri razli\u010dite manifestacije bo\u017eanske providnosti. Prva od stvaranja do <b>[A67]<\/b> potopa bila je pod upravom an\u0111ela i Petar ju je nazvao \u201eonda\u0161nji svijet\u201c (2.Pet.3:6)<\/p>\n<p style=\"text-align: justify;\">Druga velika epoha , od potopa do uspostave Bo\u017ejeg Kraljevstva, pod ograni\u010denom je kontrolom Sotone \u201evladara ovog svijeta\u201c i stoga je nazvana \u201esada\u0161nji zli svijet\u201c (Gal.1:4; 2.Pet.3:7)<\/p>\n<p style=\"text-align: justify;\">Tre\u0107a \u0107e biti \u201esvijet do u svu vje\u010dnost\u201c.(Iza.45:17) pod bo\u017eanskom upravom, Bo\u017ejim Kraljevstvom i nazvana je \u201ebudu\u0107i svijet\u201c- u kojemu prebiva pravednost. Hebr.2:5; 2.Pet.3:13<\/p>\n<p style=\"text-align: justify;\">Prvi od tih perioda ili \u201esvijetova\u201c, pod upravom an\u0111ela bio je neuspjeh; drugi pod vladavinom Sotone \u201euzurpatora\u201c bio je zaista \u201ezli svijet\u201c; tre\u0107i \u0107e biti era pravednosti i blagoslova za sve narode na zemlji.<\/p>\n<p style=\"text-align: justify;\">Posljednja dva od tih \u201esvijetova\u201c su posebice spomenuta, i izjave u vezi njih su u velikom kontrastu. Sada\u0161nji, ili drugi period nazvan je \u201esada\u0161nji zli svijet\u201c ne zato \u0161to u njemu nema ni\u010deg dobrog nego zato \u0161to je u njemu dozvoljeno zlo i \u0161to ga pro\u017eima. \u201eSada ohole nazivamo sretnima. I napreduju oni koji zlo \u010dine. Isku\u0161avaju Boga i prolaze neka\u017enjeno.\u201c (Mal.3:15) Tre\u0107i svijet ili epoha spomenuta je kao \u201ebudu\u0107i svijet\u201c \u2013u kojemu prebiva pravednost- ne zato \u0161to u njemu ne\u0107e biti zla, nego zato \u0161to zlo ne\u0107e dominirati. Brisanje zla biti \u0107e postupno, zahtijevaju\u0107i prvih tisu\u0107u godina. Zlo tada ne\u0107e vladati; ne\u0107e napredovati; vi\u0161e ne\u0107e biti zlih koji cvjetaju; nego \u201ecvjetat \u0107e pravednik\u201c (Ps.72:7) \u201eposlu\u0161ni \u0107e jesti dobra ove zemlje\u201c (Iza.1:19) i \u201eoni koji \u010dine zlo bit \u0107e istrijebljeni\u201c (Ps.37:9)<\/p>\n<p style=\"text-align: justify;\">Tako gledano sljede\u0107a epoha \u0107e biti razli\u010dita od sada\u0161nje u svakom pogledu. Rije\u010di na\u0161eg Gospodina pokazuju za\u0161to \u0107e to biti tako. <b>[A68]<\/b> To \u0107e biti zbog toga \u0161to \u0107e On biti vladar budu\u0107eg svijeta, u kojemu \u0107e napredovati pravednost i istina dok danas zlo napreduje i zli cvijetaju budu\u0107i da je Sotona vladar sada\u0161njeg zlog svijeta. Isus je rekao da je to i zbog toga \u0161to vladar ovog svijeta \u201enema vlasti nada mnom\u201c-a i nad njegovim sljedbenicima osim \u0161to im se protivi, isku\u0161ava ih, mami i ljuti. (Iv.14:30; 2.Kor.12:7) \u2013 i zbog toga \u0161to \u0107e u sada\u0161njem zlom svijetu ili epohi svi oni koji \u017eele \u017eivjeti odano Bogu trpjeti progonstvo, dok \u0107e zli cvijetati poput zelenog drveta u zaljevu. (2.Tim.3:12; Ps.37:35)<\/p>\n<p style=\"text-align: justify;\">Isus je rekao: Moje kraljevstvo nije dio ovog svijeta, i sve dok era ili \u201ebudu\u0107i svijet\u201c ne do\u0111e, Kristovo Kraljevstvo ne\u0107e kontrolirati Zemlju.I zbog toga smo pou\u010davani da se nadamo i molimo \u201eDo\u0111i Kraljevstvo tvoje, budi volja tvoja na zemlji.\u201c Sotona je vladar \u201etame ovog svijeta\u201c i zbog toga \u201emrak pokriva zemlju i gusta tama narode\u201c. On sada vlada i djeluje u srcima djece neposlu\u0161nosti. (Efe\u017e.2:2; 6:12)<\/p>\n<p style=\"text-align: justify;\">Mora biti ne\u0161to veoma va\u017eno u planu ljudskog spasenja velikog Arhitekte, jedan dio koji se jo\u0161 nije razvio ina\u010de bi ve\u0107 odavno bila uvedena nova epoha sa svojim novim vladarem. Za\u0161to je to odgo\u0111eno za odre\u0111eno vrijeme kao i na\u010din promjene sa sada\u0161nje dominacije zla na onu pravednosti pod Kristom jesu zanimljive to\u010dke koje \u0107e biti iscrpnije obja\u0161njene u nastavku. Ono \u0161to je za sada dovoljno re\u0107i je da se Kraljevstva ovog svijeta, sada pod Sotonom nalaze u pravom vremenu da postanu Kraljevstvom na\u0161eg Gospodina i njegovog Krista. (Otkr.11:15) Kontekst pokazuje da \u0107e taj prijelaz biti popra\u0107en sa op\u0107im vremenom nevolje. S obzirom na to Isus je rekao: \u201eNitko ne mo\u017ee u\u0107i u ku\u0107u jakoga i oplja\u010dkati mu imovinu ako ga najprije <b>[A69]<\/b> ne sve\u017ee. Tada \u0107e oplja\u010dkati ku\u0107u njegovu.\u201c(Mk.3:22-27) Tako smo pou\u010deni da Sotona najprije mora biti svezan, ograni\u010den i svrgnut prije nego bude uspostavljena Kristova vladavina mira i pravednosti. Ovo vezivanje Sotone je u skladu s tim prikazano kao prvi rad nove epohe. (Otkr.20:6)<\/p>\n<p style=\"text-align: justify;\">Trebamo tako\u0111er imati na umu da je zemlja osnova za sve ove \u201esvjetove\u201c ili epohe, i dok vjekovi prolaze i dok se epohe izmjenjuju zemlja nastavlja postojati \u2013 \u201ea zemlja ostaje zauvijek\u201c (Prop.1:4) Nastavljaju\u0107i sa istom temom Petar naziva svaki od tih perioda odvojenim nebesima i zemljom. Ovdje rije\u010d nebesa simboliziraju uzvi\u0161ene ili duhovne utjecaje mo\u0107i, a zemlja simbolizira ljudske vladavine i dru\u0161tvena ure\u0111enja. Tako su prva nebesa i zemlja ili poredak ili ure\u0111enje stvari koja su tada postojala, nakon \u0161to su ispunila svoju svrhu zavr\u0161ila u potopu. Ali fizi\u010dka nebesa (zrak i atmosfera), i doslovna zemlja nisu pro\u0161li: ostali su. Na sli\u010dan \u0107e na\u010din sada\u0161nji svijet (nebesa i zemlja) pro\u0107i sa velikom bukom, vatrom i topljenjem (konfuzijom), nevoljom i dezintegracijom. Jaki \u010dovjek, Sotona, budu\u0107i vezan, borit \u0107e se da zadr\u017ei svoju mo\u0107. Sada\u0161nji poredak ili ure\u0111enje vladavine i dru\u0161tva, ne doslovna nebesa i zemlja, \u0107e uminuti. Sada\u0161nja nebesa (duhovni utjecaji mo\u0107i) moraju dati mjesta \u201eNovim nebesima\u201c \u2013Kristovoj duhovnoj upravi. Sada\u0161nja zemlja (ljudsko dru\u0161tvo sada organizirano pod Sotoninom kontrolom) mora se (simboli\u010dno) rastopiti i raspasti se na po\u010detku \u201eDana Gospodinovog\u201c koji \u201egori kao pe\u0107\u201c. (Mal.4:1) Slijedit \u0107e ga \u201enova zemlja\u201c odnosno dru\u0161tvo reorganizirano u skladu sa novim vladarem zemlje- Kristom. Pravednost, mir i ljubav vladat \u0107e me\u0111u ljudima kada sada\u0161nje ure\u0111enje da mjesto novom i boljem kraljevstvu, temelj kojega \u0107e biti najstro\u017ea pravda.<\/p>\n<p><b>A70<\/b><\/p>\n<p style=\"text-align: justify;\">Pavao je u viziji vidio tra\u010dak te nove epohe ili kako je on rekao \u201ebudu\u0107eg svijeta\u201c. On ka\u017ee da je bio \u201euznesen (fizi\u010dki ili mentalno ili oboje, on nije mogao re\u0107i, stvari su mu izgledale toliko stvarnima) kroz struju vremena u novo ure\u0111enje, nova nebesa, stoga ih naziva \u201etre\u0107e nebo\u201c. On je tako vidio stvari kakve \u0107e biti pod Kristovom duhovnom kontrolom, stvari koje nije mogao objaviti. (2.Kor.12:2-4). Nesumnjivo to su bile iste stvari koje je Ivan kasnije vidio i bilo mu je dopu\u0161teno da ih poka\u017ee Crkvi u simbolima, a koje se moglo razumijeti jedino kada za to do\u0111e vrijeme. Ivan je u Otkrivenju koje mu je dao na\u0161 Gospodin na otoku Patmosu u viziji bio vo\u0111en kroz cijelo kr\u0161\u0107ansko doba i njegove promjenjive scene crkve i dr\u017eave, do kraja sada\u0161njeg zlog svijeta, ili epohe, i tada je u proro\u010dkoj viziji vidio vezivanje Sotone, Kristovo vladanje, uspostavljene Nova nebesa i Novu zemlju jer su prija\u0161nja nebesa i zemlja pro\u0161li. \u2013Otkr.21:1<\/p>\n<p style=\"text-align: center;\">Doba i epohe<\/p>\n<p style=\"text-align: justify;\">Pogledajmo sada kako su te epohe podijeljene na doba kao \u0161to je pokazano na doljnjoj slici.<\/p>\n<p><img loading=\"lazy\" decoding=\"async\" class=\"aligncenter size-full wp-image-578\" alt=\"Page70\" src=\"https:\/\/istrazivacibiblijeuhrvatskoj.com\/blog\/wp-content\/uploads\/2013\/11\/Page70.jpg\" width=\"1040\" height=\"240\" srcset=\"https:\/\/istrazivacibiblijeuhrvatskoj.com\/blog\/wp-content\/uploads\/2013\/11\/Page70.jpg 1040w, https:\/\/istrazivacibiblijeuhrvatskoj.com\/blog\/wp-content\/uploads\/2013\/11\/Page70-300x69.jpg 300w, https:\/\/istrazivacibiblijeuhrvatskoj.com\/blog\/wp-content\/uploads\/2013\/11\/Page70-1024x236.jpg 1024w\" sizes=\"auto, (max-width: 1040px) 100vw, 1040px\" \/><\/p>\n<p style=\"text-align: justify;\">Prva od tih tri velike epohe(svijetova) nije podijeljena: Bo\u017eji na\u010din postupanja sa ljudima nije se mjenjao svo to vrijeme od Adamovog pada pa sve do potopa. Bog je dao \u010dovjeku svoj zakon koji je bio zapisan u samoj njegovoj prirodi; ali nakon \u0161to je \u010dovjek pogrije\u0161io On ga je prepustio njegovom vlastitom pravcu, koji je i\u0161ao prema dolje, \u201ezlo i to konstantno\u201c da bi \u010dovjek <b>[A71]<\/b> shvatio svoju ludost i da je Bo\u017eja mudrost to \u0161to je zahtijevao da se poka\u017ee poslu\u0161nost. Ta epoha zavr\u0161ila je s potopom koji je odnio sve osim Noe i njegove obitelji. Tijekom te prve epohe ne samo da su se o\u010ditovale katastrofalne posljedice grijeha, nego je ona i pokazala da je tendencija grijeha prema dolje, ka velikoj degradaciji i bijedi i dokazala je potrebu za Jehovinim mije\u0161anjem u stvari da bi se ono \u0161to je izgubljeno oporavilo- \u010dovjekovo prvobitno stanje.<\/p>\n<p style=\"text-align: justify;\">Druga epoha ili \u201esada\u0161nji svijet\u201cuklju\u010duje tri doba, od kojih je svako jedan korak u Bo\u017ejem planu da uni\u0161ti zlo. Svaki korak je ve\u0107i od onoga koji mu prethodi, izv\u0161ava plan i pribli\u017eava se kona\u010dnom ispunjenju.<\/p>\n<p style=\"text-align: justify;\">Tre\u0107a velika epoha-\u201ebudu\u0107i svijet\u201c- budu\u0107nost s drugim dolaskom Krista, obuhva\u0107a Milenijsko doba ili \u201evremena obnove\u201c; a slijede ih \u201edoba koja dolaze\u201c a zna\u010dajke o kojima nisu otkrivene. Sada\u0161nja se otkrivenja fokusiraju na \u010dovjekov oporavak od grijeha a ne toliko na vje\u010dnu slavu koja slijedi.<\/p>\n<p style=\"text-align: justify;\">Prvo doba sada\u0161njeg svijeta nazivamo Patrijarhalno doba zato \u0161to se Bog tokom tog perioda ophodio sa nekolicinom pojedinaca, dok je ostatak \u010dovje\u010danstva gotovo ignorirao. Takvi pojedinci kojima je on pokazao naklonost bili su patrijarsi Noa, Abraham, Izak i Jakov. \u010cini se da je svaki od njih imao posebnu Bo\u017eju milost. Sa Jakovljevom smrti to doba ili poredak postupanja je zavr\u0161ilo. Nakon Jakovljeve smrti njegovi su potomci prvi put nazvani \u201edvanaest plemena Izraela\u201c i Bog ih je zajedno prepoznao kao svoje \u201enaro\u010dito vlasni\u0161tvo\u201c, i kroz predod\u017ebene \u017ertve oni su bili predod\u017ebeni \u201eSveti narod\u201c odvojen od drugih narodu za posebnu namjeru i da time u\u017eivaju izvjesnu naro\u010ditu milost. Vrijeme predvi\u0111eno za ovo obilje\u017eje Bo\u017ejeg plana, koje po\u010dinje ovdje a zavr\u0161ava Kristovom smr\u0107u, ozna\u010davamo <b>[A72]<\/b> kao \u017dIDOVSKO DOBA. Tokom tog doba Bog je posebno blagoslovio taj narod. Dao im je svoj zakon; sklopio je posebni savez sa njima; dao im je Tabernakul, \u010dije je \u0161ekina svijetlo u Svetinji nad svetinjama predstavljalo Jehovinu prisutnost s njima kao njihovog vo\u0111e i Kralja. Slao im je svoje proroke i na koncu svog Sina. Isus je u\u010dinio mnoga \u010duda i nau\u010davao u njihovoj sredini i niti je sam i\u0161ao a niti je to dozvolio svojim u\u010denicima, drugim narodima. Poslao ih je rekav\u0161i im: \u201eNe idite k neznabo\u0161cima i ne ulazite ni u koji samarijski grad! Nego idite k izgubljenim ovcama Izraelove ku\u0107e!\u201c (Mat.10:5,6) I opet je rekao: \u201eJa sam poslan samo k izgubljenim ovcama Izraelove ku\u0107e.\u201c (Mat.15:24) Da je posebna naklonost prema njima kao narodu zavr\u0161ila sa odbacivanjem i raspe\u0107em Isusa pokazano je samim Isusovim rije\u010dima koje je rekao 5 dana prije svog raspe\u0107a: \u201eEvo, va\u0161a \u0107e vam se ku\u0107a ostaviti pusta.\u201c (Mat.23:38)<\/p>\n<p style=\"text-align: justify;\">Tada prilikom Isusove smrti zapo\u010dinje nova faza ili doba poznato kao EVAN\u0110EOSKO ILI KR\u0160\u0106ANSKO DOBA u kojemu su se trebale objavljivati radosne vijesti o opravdanju i to ne samo za \u017eidove nego za sve narode; jer je Isus Krist, Bo\u017ejom milo\u0161\u0107u okusio smrt za svakog \u010dovjeka. Tijekom Evan\u0111eoskog doba bila je pozivana i jedna specifi\u010dna klasa kojoj su data posebna obe\u0107anja; naime oni koji su vjerom prihvatili Krista Isusa kao svog otkupitelja i Gospodina, slijede\u0107i njegove stope. Evan\u0111eoska objava oti\u0161la je svukud, po cijeloj zemlji tijekom 19 vjekova, tako da se sada mo\u017ee re\u0107i da je bila propovjedana u gotovo vi\u0161e ili manje svakom narodu. Nije preobratila sve narode; a nije ni bilo osmi\u0161ljeno da se to dogodi u ovom dobu; nego se biralo tu i tamo nekog, \u201emalo stado\u201c kao \u0161to je Isus i prorekao (Lk.12:32) a kojima Otac \u017eeli dati Kraljevstvo<br \/>\nu dobu koje dolazi.<\/p>\n<p><b>A73<\/b><\/p>\n<p style=\"text-align: justify;\">Sa ovim dobom zavr\u0161ava \u201esada\u0161nji zli svijet\u201c. Zadr\u017eimo na umu to da dok je Bog dopu\u0161tao dominaciju i vladavinu zla, sa naizglednom \u0161tetom za svoju stvar, ipak su njegovi duboki planovi nastavili postojano napredovati onako kako je on odredio i to prema to\u010dnom redoslijedu razdoblja koja je on odredio. Na kraju ovog doba i u svanu\u0107e onog koji slijedi, Milenijskog doba, Sotona treba biti vezan i njegova mo\u0107 svrgnuta, utiru\u0107i tako put uspostavi Kristovog Kraljevstva, i po\u010detku \u201ebudu\u0107eg svijeta u kojemu \u0107e prebivati pravednost\u201c.<\/p>\n<p style=\"text-align: justify;\">Milenij, ozna\u010davaju\u0107i tisu\u0107u godina, i sa op\u0107om se suglasno\u0161\u0107u koristi kao ime za period spomenut u Otkr.20:4 \u2013 tisu\u0107u godina Kristove vladavine, prvo doba u \u201ebudu\u0107em svijetu\u201c. Tijekom milenijskog doba biti \u0107e obnova svega \u0161to je izgubljeno padom Adama (Djela 3:19-21) i prije nego \u0161to zavr\u0161i bit \u0107e otrte suze sa svakog lica. Preko toga vremena u blagoslovljenim dobima koja dolaze vi\u0161e ne\u0107e biti smrti, ni tuge ni pla\u010da; niti \u0107e vi\u0161e biti ikakve boli. Prija\u0161nje su stvari pro\u0161le. \u2013 Otkr.21:4 Tu moramo stati jer vi\u0161e nema Bo\u017ejih objava.<\/p>\n<p style=\"text-align: justify;\">Mi smo ovdje samo zagrebali po povr\u0161ini pregleda tog Bo\u017eanskog plana o vjekovima. \u0160to ga vi\u0161e ispitujemo to vi\u0161e u njemu nalazimo savr\u0161en sklad, ljepotu i red. Svako doba je ostvarilo svoj dio neophodan za potpun razvoj cjelokupnog Bo\u017ejeg plana. Plan je zapravo progresivan, postupno se razvijaju\u0107i iz doba u dob,prema gore i naprijed, pa sve do veli\u010danstvenog svr\u0161etka, prvobitnog dizajna Velikog Arhitekte \u201ekoji sve \u010dini po odluci svoje volje.\u201c(Efe\u017e.1:11) Nijedan od tih velikih perioda niti je predug a niti prekratak za ostvarenje tog cilja.<\/p>\n<p style=\"text-align: justify;\">Bog je mudar ekonomista glede vremena <b>[A74]<\/b> i sredstava; i nema te snage koliko god da je zlonamjerna koja mo\u017ee ni na trenutak usporiti ili onemogu\u0107iti njegove naume. Sve stvari, zle a isto tako i dobre pod bo\u017eanskim nadzorom i prevladavanjem rade zajedno na ostvarenju njegove volje.<\/p>\n<p style=\"text-align: justify;\">Neupu\u0107enom i nediscipliniranom umu koji mo\u017ee vidjeti samo malo od zamr\u0161ene ma\u0161inerije Bo\u017ejeg plana, stvari mogu izgledati poput anarhije, konfuzije i neuspjeha, ba\u0161 kao \u0161to cijela ili samo jedan njen dio zamr\u0161ena ma\u0161ina mo\u017ee izgledati djetetu. Njegovom nezrelom i neobrazovanom umu to je neshvatljivo, a od suprotnih pokreta njezinih kota\u010da i pojaseva ostaje zbunjen. Ali zrelost i istra\u017eivanje \u0107e pokazati da je prividna zbrka zapravo prelijepi sklad koji donosi dobre rezultate. Taj stroj bio je pravi uspjeh i prije i nakon \u0161to je dijete razumijelo njegovo djelovanje. Stoga dok je Bo\u017eji plan kroz vjekove uspje\u0161no djelovao, \u010dovjek je primao neophodnu disciplinu ne samo da bi mogao razumijeti njegovo zamr\u0161eno djelovanje nego da bi i iskusio njegove blagoslovljene rezultate.<\/p>\n<p style=\"text-align: justify;\">Dok nastavljamo na\u0161e prou\u010davanje Bo\u017eanskog plana neophodno je imati na umu ta doba te njihove osobitosti i ciljeve; jer ni u jednom od njih zasebno nemo\u017eemo vidjeti taj plan nego u svima zajedno, ba\u0161 kao \u0161to niti jedna karika ne \u010dini lanac, nego nekoliko povezanih karika formira lanac. Dobivamo ispravne ideje o cijelom planu zapa\u017eaju\u0107i razli\u010dita obilje\u017eja svakog dijela i tako smo u stanju ispravno se slu\u017eiti sa Rije\u010dju istine.<\/p>\n<p style=\"text-align: justify;\">Izjava iz Rije\u010di koja pripada jednoj epohi ili dobu ne mo\u017ee se primjeniti na drugu, kao \u0161to stvari izre\u010dene o jednom dobu nisu uvijek istina i za drugo. Naprimjer bila bi neistina re\u0107i da u sada\u0161nje vrijeme spoznaja o Gospodinu ispunjava svu zemlju, ili da nema potrebe re\u0107i svome bli\u017enjemu upoznaj Gospodina. <b>[A75]<\/b> (Iza.11:9; Jer.31:34) To ne vrijedi za ovo doba i ne mo\u017ee biti istina sve dok Gospodin nakon \u0161to ponovno do\u0111e ne uspostavi svoje Kraljevstvo; jer tokom cijelog ovog doba bilo je mnogo zavodljivih obmana, i re\u010deno nam je da \u0107e na samom kraju ovog doba \u201eU posljednjim danima&#8230;zli ljudi i varalice napredovati sa zla na gore. Zavodit \u0107e druge a i sami \u0107e biti zavedeni.\u201c (2.Tim.3:1.13) Rezultat Mesijine vladavine tijekom Milenijskog doba bit \u0107e taj da \u0107e spoznaja i pravednost ispuniti zemlju kao \u0161to vode ispunjavaju mora.<\/p>\n<p style=\"text-align: justify;\">Sli\u010dna gre\u0161ka i to vrlo \u010desta je pretpostavka da je Bo\u017eje Kraljevstvo sada uspostavljeno i da vlada nad zemljom, i da se njegova volja sada vr\u0161i me\u0111u narodima. Ovo je o\u010dito daleko od istine, jer kraljevstva ovog svijeta podr\u017eavana su i oboga\u0107ena ugnjetavanjem, nepravdom i prijevarom i to do te mjere koliko im je to dopustila rastu\u0107a inteligencija naroda. Sotona sada\u0161nji \u201evladar ovog svijeta\u201c treba biti zamjenjen i kraljevstva ovog svijeta kojima on sada kontrolira trebaju postati kraljevstvima na\u0161eg Gospodina i njegovog Pomazanika, kad on uzme u svoje ruke mo\u0107 svoju veliku i zavlada.<\/p>\n<p style=\"text-align: justify;\">Svjetlom koje je sada dostupno ku\u0107anstvu vjere, mo\u017eemo razabrati taj sustav i red koji ozna\u010dava odre\u0111eno kora\u010danje na\u0161eg Boga kroz pro\u0161le vjekove i to nas sna\u017eno podsje\u0107a na Cowperove prelijepe retke koji je nastojao \u017eivom vjerom u\u0107i u trag Svemogu\u0107em Jehovi:<\/p>\n<p style=\"text-align: center;\">On \u0107e razjasniti<\/p>\n<p style=\"text-align: center;\">Bog se kre\u0107e na tajanstven na\u010din<br \/>\nda izvr\u0161i \u010duda svoja<br \/>\nPostavlja stope svoje na more<br \/>\ni ja\u0161e na oluji<\/p>\n<p><b>A76<\/b><\/p>\n<p style=\"text-align: center;\">Duboko u neisrpne rudnike<br \/>\nsa svojom nikada ne nedostaju\u0107om vje\u0161tinom<br \/>\non skriva svoje svjetle dizajne<br \/>\ni djela svoje suverene volje<\/p>\n<p style=\"text-align: center;\">Vi ustra\u0161eni sveci, ohrabrite se<br \/>\noblaci koji izgledaju tako stra\u0161ni<br \/>\nbogati su milosr\u0111em i prsnut \u0107e<br \/>\nblagoslovima na va\u0161u glavu<\/p>\n<p style=\"text-align: center;\">Ne sudi Gospodina svojim slaba\u0161nim osje\u0107ajem<br \/>\nNego mu vjeruj zbog njegove milosti<br \/>\nIza namr\u0161tene providnosti on<br \/>\nskriva nasmijano lice<\/p>\n<p style=\"text-align: center;\">Njegovi naumi brzo \u0107e sazrijeti.<br \/>\nOdvijaju\u0107i se svaki sat<br \/>\nPupoljak mo\u017ee imati gorak ukus<br \/>\nali sladak \u0107e biti cvijet<\/p>\n<p style=\"text-align: center;\">\u201eSlijepa nevjera \u0107e zacijelo pogrije\u0161iti,<br \/>\ni skenirat \u0107e njegovo djelo uzalud.<br \/>\nBog je svoj vlastiti tuma\u010d,<br \/>\nI on \u0107e to razjasniti!\u201c<\/p>\n<p style=\"text-align: center;\">&#8212;&#8212;&#8212;&#8212;&#8212;&#8212;&#8212;-<\/p>\n<p style=\"text-align: center;\">Ne poznam put koji je ispred mene,<br \/>\ndonosi li mi \u017ealosti ili jade;<br \/>\nKakvi se oblaci nadvla\u010de nad budu\u0107nost,<br \/>\nkoje cvije\u0107e mo\u017ee postrance izrasti.<br \/>\nAli postoji Onaj koji \u0107e putovati pored mene,<br \/>\nNiti u jadu niti u blagostanju ne\u0107e me napustiti;<br \/>\nI ovo je moje olak\u0161anje i moja utjeha:<br \/>\n\u201eOn pozna put kojim kro\u010dim.\u201c<\/p>\n","protected":false},"excerpt":{"rendered":"<p>A65 STUDIJA 4 EPOHE I DOBA OZNA\u010cENE U RAZVOJU BO\u017dANSKOG PLANA Bo\u017eji plan definitivan i sustavan- Tri velike epohe svjetske povijesti- Njihova razli\u010dita obilje\u017eja- \u201eZemlja ostaje zauvijek\u201c- Svijet koji \u0107e do\u0107i, Nova nebesa i Nova zemlja- Podrazdjeli ovih velikih epoha- &hellip; <a href=\"https:\/\/istrazivacibiblijeuhrvatskoj.com\/blog\/knige\/bozanski-plan-o-vjekovima\/studija-4\/\">Continue reading <span class=\"meta-nav\">&rarr;<\/span><\/a><\/p>\n","protected":false},"author":1,"featured_media":0,"parent":315,"menu_order":40,"comment_status":"open","ping_status":"closed","template":"","meta":{"footnotes":""},"class_list":["post-554","page","type-page","status-publish","hentry"],"_links":{"self":[{"href":"https:\/\/istrazivacibiblijeuhrvatskoj.com\/blog\/wp-json\/wp\/v2\/pages\/554","targetHints":{"allow":["GET"]}}],"collection":[{"href":"https:\/\/istrazivacibiblijeuhrvatskoj.com\/blog\/wp-json\/wp\/v2\/pages"}],"about":[{"href":"https:\/\/istrazivacibiblijeuhrvatskoj.com\/blog\/wp-json\/wp\/v2\/types\/page"}],"author":[{"embeddable":true,"href":"https:\/\/istrazivacibiblijeuhrvatskoj.com\/blog\/wp-json\/wp\/v2\/users\/1"}],"replies":[{"embeddable":true,"href":"https:\/\/istrazivacibiblijeuhrvatskoj.com\/blog\/wp-json\/wp\/v2\/comments?post=554"}],"version-history":[{"count":14,"href":"https:\/\/istrazivacibiblijeuhrvatskoj.com\/blog\/wp-json\/wp\/v2\/pages\/554\/revisions"}],"predecessor-version":[{"id":615,"href":"https:\/\/istrazivacibiblijeuhrvatskoj.com\/blog\/wp-json\/wp\/v2\/pages\/554\/revisions\/615"}],"up":[{"embeddable":true,"href":"https:\/\/istrazivacibiblijeuhrvatskoj.com\/blog\/wp-json\/wp\/v2\/pages\/315"}],"wp:attachment":[{"href":"https:\/\/istrazivacibiblijeuhrvatskoj.com\/blog\/wp-json\/wp\/v2\/media?parent=554"}],"curies":[{"name":"wp","href":"https:\/\/api.w.org\/{rel}","templated":true}]}}